{"id":1158,"date":"2026-02-26T17:15:03","date_gmt":"2026-02-26T20:15:03","guid":{"rendered":"https:\/\/cbie.sbc.org.br\/2026\/?page_id=1158"},"modified":"2026-03-12T02:20:58","modified_gmt":"2026-03-12T05:20:58","slug":"sobre-a-sbc","status":"publish","type":"page","link":"https:\/\/cbie.sbc.org.br\/2026\/index.php\/sobre-a-sbc\/","title":{"rendered":"Sobre a SBC"},"content":{"rendered":"\t\t<div data-elementor-type=\"wp-page\" data-elementor-id=\"1158\" class=\"elementor elementor-1158\">\n\t\t\t\t<div class=\"elementor-element elementor-element-be6d8e2 e-con-full e-flex e-con e-parent\" data-id=\"be6d8e2\" data-element_type=\"container\" data-e-type=\"container\" data-settings=\"{&quot;background_background&quot;:&quot;classic&quot;}\">\n\t\t\t\t<div class=\"elementor-element elementor-element-24a96e4 elementor-widget elementor-widget-heading\" data-id=\"24a96e4\" data-element_type=\"widget\" data-e-type=\"widget\" data-widget_type=\"heading.default\">\n\t\t\t\t\t<h2 class=\"elementor-heading-title elementor-size-default\">Sociedade Brasileira de Computa\u00e7\u00e3o<\/h2>\t\t\t\t<\/div>\n\t\t\t\t<\/div>\n\t\t<div class=\"elementor-element elementor-element-e634f91 e-con-full e-flex e-con e-parent\" data-id=\"e634f91\" data-element_type=\"container\" data-e-type=\"container\">\n\t\t<div class=\"elementor-element elementor-element-1a2767f e-con-full e-flex e-con e-child\" data-id=\"1a2767f\" data-element_type=\"container\" data-e-type=\"container\">\n\t\t\t\t<div class=\"elementor-element elementor-element-25bc3b3 e-transform elementor-invisible elementor-widget elementor-widget-image\" data-id=\"25bc3b3\" data-element_type=\"widget\" data-e-type=\"widget\" data-settings=\"{&quot;_animation&quot;:&quot;fadeInDown&quot;,&quot;_transform_translateX_effect_hover&quot;:{&quot;unit&quot;:&quot;px&quot;,&quot;size&quot;:0,&quot;sizes&quot;:[]},&quot;_transform_translateY_effect_hover&quot;:{&quot;unit&quot;:&quot;px&quot;,&quot;size&quot;:11,&quot;sizes&quot;:[]},&quot;_transform_translateX_effect_hover_tablet&quot;:{&quot;unit&quot;:&quot;px&quot;,&quot;size&quot;:&quot;&quot;,&quot;sizes&quot;:[]},&quot;_transform_translateX_effect_hover_mobile&quot;:{&quot;unit&quot;:&quot;px&quot;,&quot;size&quot;:&quot;&quot;,&quot;sizes&quot;:[]},&quot;_transform_translateY_effect_hover_tablet&quot;:{&quot;unit&quot;:&quot;px&quot;,&quot;size&quot;:&quot;&quot;,&quot;sizes&quot;:[]},&quot;_transform_translateY_effect_hover_mobile&quot;:{&quot;unit&quot;:&quot;px&quot;,&quot;size&quot;:&quot;&quot;,&quot;sizes&quot;:[]}}\" data-widget_type=\"image.default\">\n\t\t\t\t\t\t\t\t\t\t\t\t\t\t\t\t<a href=\"https:\/\/www.sbc.org.br\/associe-se\/\" target=\"_blank\">\n\t\t\t\t\t\t\t<img fetchpriority=\"high\" decoding=\"async\" width=\"592\" height=\"349\" src=\"https:\/\/cbie.sbc.org.br\/2026\/wp-content\/uploads\/2026\/02\/sbcc.png\" class=\"attachment-large size-large wp-image-1169\" alt=\"\" srcset=\"https:\/\/cbie.sbc.org.br\/2026\/wp-content\/uploads\/2026\/02\/sbcc.png 592w, https:\/\/cbie.sbc.org.br\/2026\/wp-content\/uploads\/2026\/02\/sbcc-300x177.png 300w\" sizes=\"(max-width: 592px) 100vw, 592px\" \/>\t\t\t\t\t\t\t\t<\/a>\n\t\t\t\t\t\t\t\t\t\t\t\t\t\t\t<\/div>\n\t\t\t\t<div class=\"elementor-element elementor-element-120b3a4 elementor-widget elementor-widget-text-editor\" data-id=\"120b3a4\" data-element_type=\"widget\" data-e-type=\"widget\" data-widget_type=\"text-editor.default\">\n\t\t\t\t\t\t\t\t\t<p>A Sociedade Brasileira de Computa\u00e7\u00e3o \u2013 S B C \u00e9 uma Sociedade Cient\u00edfica sem fins lucrativos, fundada em julho de 1978, que re\u00fane estudantes, professores, profissionais, pesquisadores e entusiastas da \u00e1rea de Computa\u00e7\u00e3o e Inform\u00e1tica de todo o Brasil.<\/p><p>A SBC tem como fun\u00e7\u00e3o fomentar o acesso \u00e0 informa\u00e7\u00e3o e cultura por meio da inform\u00e1tica, promover a inclus\u00e3o digital, incentivar a pesquisa e o ensino em Computa\u00e7\u00e3o no Brasil, contribuindo para a forma\u00e7\u00e3o do profissional da Computa\u00e7\u00e3o com responsabilidade social.<\/p><p>Para a organiza\u00e7\u00e3o e divulga\u00e7\u00e3o de atividades, a\u00e7\u00f5es e eventos cient\u00edficos, t\u00e9cnicos, educacionais e pol\u00edticos, a S B C mant\u00e9m uma estrutura de tr\u00eas tipos de Grupos Tem\u00e1ticos (G T), que s\u00e3o as Grandes \u00c1reas (G A), as Comiss\u00f5es Especiais (C E) e os Grupos de Interesses (G I). Estes grupos re\u00fanem associados com interesses comuns numa sub\u00e1rea da computa\u00e7\u00e3o.<\/p><p>Voc\u00ea est\u00e1 acessando o site de uma das Comiss\u00f5es Especiais (C E) da S B C, que representa um grupo de associados da SBC que compartilham dos interesses e valores em determinada \u00e1rea da Computa\u00e7\u00e3o. <strong>O associado vigente pode se inscrever nas\u00a0<a href=\"https:\/\/www.sbc.org.br\/comissoes-especiasis\/\" target=\"_blank\" rel=\"noopener\">listas de e-mail das Comiss\u00f5es Especiais (C E)<\/a><\/strong>\u00a0da \u00e1rea que deseja acompanhar. Se voc\u00ea ainda n\u00e3o \u00e9 um associado ou deseja renovar sua associa\u00e7\u00e3o \u00e0 nossa comunidade\u00a0<a href=\"https:\/\/centraldesistemas.sbc.org.br\/mom\" target=\"_blank\" rel=\"noopener\"><strong>clique aqui<\/strong><\/a> e venha fazer parte da S B C.<\/p>\t\t\t\t\t\t\t\t<\/div>\n\t\t\t\t<\/div>\n\t\t<div class=\"elementor-element elementor-element-7b37bd3 e-con-full e-flex e-con e-child\" data-id=\"7b37bd3\" data-element_type=\"container\" data-e-type=\"container\">\n\t\t\t\t<\/div>\n\t\t\t\t<\/div>\n\t\t\t\t<\/div>\n\t\t","protected":false},"excerpt":{"rendered":"<p>Sociedade Brasileira de Computa\u00e7\u00e3o A Sociedade Brasileira de Computa\u00e7\u00e3o \u2013 S B C \u00e9 uma Sociedade Cient\u00edfica sem fins lucrativos, fundada em julho de 1978, que re\u00fane estudantes, professores, profissionais, pesquisadores e entusiastas da \u00e1rea de Computa\u00e7\u00e3o e Inform\u00e1tica de todo o Brasil. A SBC tem como fun\u00e7\u00e3o fomentar o acesso \u00e0 informa\u00e7\u00e3o e cultura [&hellip;]<\/p>\n","protected":false},"author":6,"featured_media":0,"parent":0,"menu_order":0,"comment_status":"closed","ping_status":"closed","template":"elementor_canvas","meta":{"footnotes":""},"class_list":["post-1158","page","type-page","status-publish","hentry"],"_links":{"self":[{"href":"https:\/\/cbie.sbc.org.br\/2026\/index.php\/wp-json\/wp\/v2\/pages\/1158","targetHints":{"allow":["GET"]}}],"collection":[{"href":"https:\/\/cbie.sbc.org.br\/2026\/index.php\/wp-json\/wp\/v2\/pages"}],"about":[{"href":"https:\/\/cbie.sbc.org.br\/2026\/index.php\/wp-json\/wp\/v2\/types\/page"}],"author":[{"embeddable":true,"href":"https:\/\/cbie.sbc.org.br\/2026\/index.php\/wp-json\/wp\/v2\/users\/6"}],"replies":[{"embeddable":true,"href":"https:\/\/cbie.sbc.org.br\/2026\/index.php\/wp-json\/wp\/v2\/comments?post=1158"}],"version-history":[{"count":16,"href":"https:\/\/cbie.sbc.org.br\/2026\/index.php\/wp-json\/wp\/v2\/pages\/1158\/revisions"}],"predecessor-version":[{"id":1292,"href":"https:\/\/cbie.sbc.org.br\/2026\/index.php\/wp-json\/wp\/v2\/pages\/1158\/revisions\/1292"}],"wp:attachment":[{"href":"https:\/\/cbie.sbc.org.br\/2026\/index.php\/wp-json\/wp\/v2\/media?parent=1158"}],"curies":[{"name":"wp","href":"https:\/\/api.w.org\/{rel}","templated":true}]}}