{"id":7430,"date":"2025-09-24T16:00:52","date_gmt":"2025-09-24T19:00:52","guid":{"rendered":"https:\/\/cbie.sbc.org.br\/2025\/?page_id=7430"},"modified":"2025-11-19T17:39:26","modified_gmt":"2025-11-19T20:39:26","slug":"agenda-workshops","status":"publish","type":"page","link":"https:\/\/cbie.sbc.org.br\/2025\/agenda-workshops\/","title":{"rendered":"Agenda Workshops"},"content":{"rendered":"\t\t<div data-elementor-type=\"wp-page\" data-elementor-id=\"7430\" class=\"elementor elementor-7430\">\n\t\t\t\t<div class=\"elementor-element elementor-element-b367283 e-flex e-con-boxed wpr-particle-no wpr-jarallax-no wpr-parallax-no wpr-sticky-section-no e-con e-parent\" data-id=\"b367283\" data-element_type=\"container\" data-e-type=\"container\">\n\t\t\t\t\t<div class=\"e-con-inner\">\n\t\t\t\t<div class=\"elementor-element elementor-element-7c05d15 elementor-widget elementor-widget-text-editor\" data-id=\"7c05d15\" data-element_type=\"widget\" data-e-type=\"widget\" data-widget_type=\"text-editor.default\">\n\t\t\t\t<div class=\"elementor-widget-container\">\n\t\t\t\t\t\t\t\t\t<h1><strong><span style=\"color: #4b40c7;\">Workshops do CBIE 2025<\/span><\/strong><\/h1>\t\t\t\t\t\t\t\t<\/div>\n\t\t\t\t<\/div>\n\t\t\t\t<div class=\"elementor-element elementor-element-fcd856b elementor-widget elementor-widget-text-editor\" data-id=\"fcd856b\" data-element_type=\"widget\" data-e-type=\"widget\" id=\"workshop2\" data-widget_type=\"text-editor.default\">\n\t\t\t\t<div class=\"elementor-widget-container\">\n\t\t\t\t\t\t\t\t\t<h2><strong>Workshop de Aplica\u00e7\u00f5es Pr\u00e1ticas de Learning Analytics e Intelig\u00eancia Artificial no Brasil (3\u00ba WAPLA)<\/strong><\/h2><h3>25\/11, ter\u00e7a-feira das 09:30 \u00e0s 16:00h no Audit\u00f3rio 1 &#8211; EQ<\/h3><p><b>Dura\u00e7\u00e3o:<\/b> 4h<\/p><p><b>M\u00e1ximo de Participantes:<\/b> 30 pessoas<\/p><p><b>Website:<\/b> <a href=\"https:\/\/sites.google.com\/nees.ufal.br\/wapla2025\" target=\"_blank\" rel=\"noopener\">https:\/\/sites.google.com\/nees.ufal.br\/wapla2025<\/a><\/p><p><b>Apresentado por:<\/b><br \/>Rafael Ferreira Mello, Cleon Xavier, Cristian Cechinel, Elaine H. T. Oliveira, Emanuel F. Coutinho, Filipe Dwan Pereira, Luiz Rodrigues, e Newarney Torrez\u00e3o Costa<\/p>\t\t\t\t\t\t\t\t<\/div>\n\t\t\t\t<\/div>\n\t\t\t\t<div class=\"elementor-element elementor-element-8c33735 elementor-widget elementor-widget-text-editor\" data-id=\"8c33735\" data-element_type=\"widget\" data-e-type=\"widget\" id=\"workshop3\" data-widget_type=\"text-editor.default\">\n\t\t\t\t<div class=\"elementor-widget-container\">\n\t\t\t\t\t\t\t\t\t<h2><strong>Workshop de reflex\u00f5es sobre o novo Marco Regulat\u00f3rio da EaD<\/strong><\/h2><h3>25\/11, ter\u00e7a-feira das 09:30h \u00e0s 16:00h no Audit\u00f3rio 2 &#8211; EQ<\/h3><p><b>Dura\u00e7\u00e3o:<\/b> 3h<br \/><b><\/b><\/p><p><b>M\u00e1ximo de Participantes:<\/b> 40 pessoas<\/p><p><b>Website:<\/b> <a href=\"https:\/\/sites.google.com\/view\/marcoregulatorioeadwscbie2025?usp=sharing\" target=\"_blank\" rel=\"noopener\">https:\/\/sites.google.com\/view\/marcoregulatorioeadwscbie2025?usp=sharing<\/a><\/p><p><b>Apresentado por: <\/b>Lucia Rathmann, Paula Foga\u00e7a Marques Abrah\u00e3o, e Raquel Salcedo Gomes<\/p>\t\t\t\t\t\t\t\t<\/div>\n\t\t\t\t<\/div>\n\t\t\t\t<div class=\"elementor-element elementor-element-ef511af elementor-widget elementor-widget-text-editor\" data-id=\"ef511af\" data-element_type=\"widget\" data-e-type=\"widget\" id=\"workshop1\" data-widget_type=\"text-editor.default\">\n\t\t\t\t<div class=\"elementor-widget-container\">\n\t\t\t\t\t\t\t\t\t<h2><strong>Workshop sobre Descentraliza\u00e7\u00e3o em Inform\u00e1tica na Educa\u00e7\u00e3o (WDescentraIE)<\/strong><\/h2><h3>26\/11, quarta-feira das 09:30h \u00e0s 16:00h na sala 102 \u2013 DInf<br \/><b><\/b><\/h3><p><b>Dura\u00e7\u00e3o:<\/b> 4h<\/p><p><b>M\u00e1ximo de Participantes:<\/b> 30 pessoas<\/p><p><b>Website:<\/b> <a href=\"https:\/\/sites.google.com\/view\/wdescentraie\/in%C3%ADcio\" target=\"_blank\" rel=\"noopener\">https:\/\/sites.google.com\/view\/wdescentraie\/in%C3%ADcio<\/a><\/p><p><b>Apresentado por:<\/b><br \/>Gerson O. Nobrega, e Fernando William Cruz<\/p>\t\t\t\t\t\t\t\t<\/div>\n\t\t\t\t<\/div>\n\t\t\t\t<div class=\"elementor-element elementor-element-747edf1 elementor-widget elementor-widget-text-editor\" data-id=\"747edf1\" data-element_type=\"widget\" data-e-type=\"widget\" id=\"workshop4\" data-widget_type=\"text-editor.default\">\n\t\t\t\t<div class=\"elementor-widget-container\">\n\t\t\t\t\t\t\t\t\t<h2><strong>Workshop de Compet\u00eancias Socioemocionais e Diversidade na Computa\u00e7\u00e3o: Caminhos para uma Educa\u00e7\u00e3o Cr\u00edtica e Inclusiva (MOSAICO)<\/strong><\/h2>\n<h2>26\/11, quarta-feira das 09:30 \u00e0s 16:00h no Miniaudit\u00f3rio &#8211; EQ<br><b><\/b><\/h2>\n<p><b>Dura\u00e7\u00e3o:<\/b> 6h<br><b><\/b><\/p>\n<p><b>M\u00e1ximo de Participantes:<\/b><\/p>\n<p><b>Website:<\/b> <a href=\"https:\/\/sites.google.com\/cesar.org.br\/mosaico\/\" target=\"_blank\" rel=\"noopener\">https:\/\/sites.google.com\/cesar.org.br\/mosaico\/ <\/a><\/p>\n<p><b>Apresentado por:<\/b><br>Luma da Rocha Seixas, Tatyane Calixto<\/p>\t\t\t\t\t\t\t\t<\/div>\n\t\t\t\t<\/div>\n\t\t\t\t<div class=\"elementor-element elementor-element-0076b74 elementor-widget elementor-widget-text-editor\" data-id=\"0076b74\" data-element_type=\"widget\" data-e-type=\"widget\" id=\"workshop5\" data-widget_type=\"text-editor.default\">\n\t\t\t\t<div class=\"elementor-widget-container\">\n\t\t\t\t\t\t\t\t\t<h2><strong>Workshop de \u00c9tica e Regula\u00e7\u00e3o em Intelig\u00eancia Artificial na Educa\u00e7\u00e3o (WER-IAEdu)<\/strong><\/h2><h3>27\/11, quinta-feira das 09:30 \u00e0s 16:00h no Audit\u00f3rio 1 &#8211; EQ<br \/><b><\/b><\/h3><p><b>Dura\u00e7\u00e3o:<\/b> 6h<br \/><b><\/b><\/p><p><b>M\u00e1ximo de Participantes:<\/b> N\u00e3o<\/p><p><b>Website:<\/b> <a href=\"https:\/\/wer-iaedu2025.github.io\/\" target=\"_blank\" rel=\"noopener\">https:\/\/wer-iaedu2025.github.io\u00a0<\/a><\/p><p><b>Apresentado por:<\/b><br \/>Patricia A Jaques Maillard, Jessica Neiva Leite, Newarney Torrez\u00e3o Costa, Sean W. M. Siqueira, Williamson Silva<\/p>\t\t\t\t\t\t\t\t<\/div>\n\t\t\t\t<\/div>\n\t\t\t\t<div class=\"elementor-element elementor-element-fc454b0 elementor-widget elementor-widget-text-editor\" data-id=\"fc454b0\" data-element_type=\"widget\" data-e-type=\"widget\" id=\"workshop6\" data-widget_type=\"text-editor.default\">\n\t\t\t\t<div class=\"elementor-widget-container\">\n\t\t\t\t\t\t\t\t\t<h2><strong>Workshop de Compartilhamento e Produ\u00e7\u00e3o de Atividades sobre Pensamento Computacional na Educa\u00e7\u00e3o B\u00e1sica (WPCnaEB)<\/strong><\/h2><h3>27\/11, quinta-feira das 09:30 \u00e0s 16:00h no Audit\u00f3rio 2 &#8211; EQ<br \/><b><\/b><\/h3><p><b>Dura\u00e7\u00e3o: <\/b>06:0h<br \/><b><\/b><\/p><p><b>M\u00e1ximo de Participantes: <\/b><span style=\"color: #ff0000;\">(a confirmar)<\/span><\/p><p><b>Website:<\/b> <a href=\"https:\/\/sites.google.com\/view\/pcnaeb\/\" target=\"_blank\" rel=\"noopener\">https:\/\/sites.google.com\/view\/pcnaeb\/<\/a><\/p><p><b>Apresentado por:<\/b><br \/>Clodis Boscarioli, Marcia Regina Kaminski, Ana Karen Gon\u00e7alves\u00a0<\/p>\t\t\t\t\t\t\t\t<\/div>\n\t\t\t\t<\/div>\n\t\t\t\t\t<\/div>\n\t\t\t\t<\/div>\n\t\t\t\t<\/div>\n\t\t","protected":false},"excerpt":{"rendered":"<p>Workshops do CBIE 2025 Workshop de Aplica\u00e7\u00f5es Pr\u00e1ticas de Learning Analytics e Intelig\u00eancia Artificial no Brasil (3\u00ba WAPLA) 25\/11, ter\u00e7a-feira das 09:30 \u00e0s 16:00h no Audit\u00f3rio 1 &#8211; EQ Dura\u00e7\u00e3o: 4h M\u00e1ximo de Participantes: 30 pessoas Website: https:\/\/sites.google.com\/nees.ufal.br\/wapla2025 Apresentado por:Rafael Ferreira Mello, Cleon Xavier, Cristian Cechinel, Elaine H. T. Oliveira, Emanuel F. Coutinho, Filipe Dwan Pereira, Luiz Rodrigues, e Newarney Torrez\u00e3o Costa Workshop de reflex\u00f5es sobre o novo Marco Regulat\u00f3rio da EaD 25\/11, ter\u00e7a-feira das 09:30h \u00e0s 16:00h no Audit\u00f3rio 2 &#8211; EQ Dura\u00e7\u00e3o: 3h M\u00e1ximo de Participantes: 40 pessoas Website: https:\/\/sites.google.com\/view\/marcoregulatorioeadwscbie2025?usp=sharing Apresentado por: Lucia Rathmann, Paula Foga\u00e7a Marques Abrah\u00e3o, e Raquel Salcedo Gomes Workshop sobre Descentraliza\u00e7\u00e3o em Inform\u00e1tica na Educa\u00e7\u00e3o (WDescentraIE) 26\/11, quarta-feira das 09:30h \u00e0s 16:00h na sala 102 \u2013 DInf Dura\u00e7\u00e3o: 4h M\u00e1ximo de Participantes: 30 pessoas Website: https:\/\/sites.google.com\/view\/wdescentraie\/in%C3%ADcio Apresentado por:Gerson O. Nobrega, e Fernando William Cruz Workshop de Compet\u00eancias Socioemocionais e Diversidade na Computa\u00e7\u00e3o: Caminhos para uma Educa\u00e7\u00e3o Cr\u00edtica e Inclusiva (MOSAICO) 26\/11, quarta-feira das 09:30 \u00e0s 16:00h no Miniaudit\u00f3rio &#8211; EQ Dura\u00e7\u00e3o: 6h M\u00e1ximo de Participantes: Website: https:\/\/sites.google.com\/cesar.org.br\/mosaico\/ Apresentado por:Luma da Rocha Seixas, Tatyane Calixto Workshop de \u00c9tica e Regula\u00e7\u00e3o em Intelig\u00eancia Artificial na Educa\u00e7\u00e3o (WER-IAEdu) 27\/11, quinta-feira das 09:30 \u00e0s 16:00h no Audit\u00f3rio 1 &#8211; EQ Dura\u00e7\u00e3o: 6h M\u00e1ximo de Participantes: N\u00e3o Website: https:\/\/wer-iaedu2025.github.io\u00a0 Apresentado por:Patricia A Jaques Maillard, Jessica Neiva Leite, Newarney Torrez\u00e3o Costa, Sean W. M. Siqueira, Williamson Silva Workshop de Compartilhamento e Produ\u00e7\u00e3o de Atividades sobre Pensamento Computacional na Educa\u00e7\u00e3o B\u00e1sica (WPCnaEB) 27\/11, quinta-feira das 09:30 \u00e0s 16:00h no Audit\u00f3rio 2 &#8211; EQ Dura\u00e7\u00e3o: 06:0h M\u00e1ximo de Participantes: (a confirmar) Website: https:\/\/sites.google.com\/view\/pcnaeb\/ Apresentado por:Clodis Boscarioli, Marcia Regina Kaminski, Ana Karen Gon\u00e7alves\u00a0<\/p>\n","protected":false},"author":22,"featured_media":0,"parent":0,"menu_order":0,"comment_status":"closed","ping_status":"closed","template":"","meta":{"footnotes":""},"class_list":["post-7430","page","type-page","status-publish","hentry"],"_links":{"self":[{"href":"https:\/\/cbie.sbc.org.br\/2025\/wp-json\/wp\/v2\/pages\/7430","targetHints":{"allow":["GET"]}}],"collection":[{"href":"https:\/\/cbie.sbc.org.br\/2025\/wp-json\/wp\/v2\/pages"}],"about":[{"href":"https:\/\/cbie.sbc.org.br\/2025\/wp-json\/wp\/v2\/types\/page"}],"author":[{"embeddable":true,"href":"https:\/\/cbie.sbc.org.br\/2025\/wp-json\/wp\/v2\/users\/22"}],"replies":[{"embeddable":true,"href":"https:\/\/cbie.sbc.org.br\/2025\/wp-json\/wp\/v2\/comments?post=7430"}],"version-history":[{"count":52,"href":"https:\/\/cbie.sbc.org.br\/2025\/wp-json\/wp\/v2\/pages\/7430\/revisions"}],"predecessor-version":[{"id":9900,"href":"https:\/\/cbie.sbc.org.br\/2025\/wp-json\/wp\/v2\/pages\/7430\/revisions\/9900"}],"wp:attachment":[{"href":"https:\/\/cbie.sbc.org.br\/2025\/wp-json\/wp\/v2\/media?parent=7430"}],"curies":[{"name":"wp","href":"https:\/\/api.w.org\/{rel}","templated":true}]}}