{"id":6668,"date":"2025-08-14T19:26:24","date_gmt":"2025-08-14T22:26:24","guid":{"rendered":"https:\/\/cbie.sbc.org.br\/2025\/?page_id=6668"},"modified":"2025-10-13T15:28:07","modified_gmt":"2025-10-13T18:28:07","slug":"patrocine-o-cbie","status":"publish","type":"page","link":"https:\/\/cbie.sbc.org.br\/2025\/patrocine-o-cbie\/","title":{"rendered":"Patrocine o CBIE"},"content":{"rendered":"\t\t<div data-elementor-type=\"wp-page\" data-elementor-id=\"6668\" class=\"elementor elementor-6668\">\n\t\t\t\t<div class=\"elementor-element elementor-element-4fc691d e-flex e-con-boxed wpr-particle-no wpr-jarallax-no wpr-parallax-no wpr-sticky-section-no e-con e-parent\" data-id=\"4fc691d\" data-element_type=\"container\" data-e-type=\"container\">\n\t\t\t\t\t<div class=\"e-con-inner\">\n\t\t\t\t<div class=\"elementor-element elementor-element-eba0797 elementor-widget elementor-widget-heading\" data-id=\"eba0797\" data-element_type=\"widget\" data-e-type=\"widget\" data-widget_type=\"heading.default\">\n\t\t\t\t<div class=\"elementor-widget-container\">\n\t\t\t\t\t<h1 class=\"elementor-heading-title elementor-size-default\"><b>Patrocine o CBIE 2025<\/b><\/h1>\t\t\t\t<\/div>\n\t\t\t\t<\/div>\n\t\t\t\t\t<\/div>\n\t\t\t\t<\/div>\n\t\t<div class=\"elementor-element elementor-element-d072dce e-flex e-con-boxed wpr-particle-no wpr-jarallax-no wpr-parallax-no wpr-sticky-section-no e-con e-parent\" data-id=\"d072dce\" data-element_type=\"container\" data-e-type=\"container\" data-settings=\"{&quot;background_background&quot;:&quot;classic&quot;}\">\n\t\t\t\t\t<div class=\"e-con-inner\">\n\t\t<div class=\"elementor-element elementor-element-586d6a5 e-con-full e-flex wpr-particle-no wpr-jarallax-no wpr-parallax-no wpr-sticky-section-no e-con e-child\" data-id=\"586d6a5\" data-element_type=\"container\" data-e-type=\"container\">\n\t\t\t\t<div class=\"elementor-element elementor-element-d6b3289 elementor-widget elementor-widget-image\" data-id=\"d6b3289\" data-element_type=\"widget\" data-e-type=\"widget\" data-widget_type=\"image.default\">\n\t\t\t\t<div class=\"elementor-widget-container\">\n\t\t\t\t\t\t\t\t\t\t\t\t\t\t\t<img fetchpriority=\"high\" decoding=\"async\" width=\"1024\" height=\"460\" src=\"https:\/\/cbie.sbc.org.br\/2025\/wp-content\/uploads\/2025\/10\/grafico-categorias@2x-1024x460.png\" class=\"attachment-large size-large wp-image-9244\" alt=\"\" srcset=\"https:\/\/cbie.sbc.org.br\/2025\/wp-content\/uploads\/2025\/10\/grafico-categorias@2x-1024x460.png 1024w, https:\/\/cbie.sbc.org.br\/2025\/wp-content\/uploads\/2025\/10\/grafico-categorias@2x-300x135.png 300w, https:\/\/cbie.sbc.org.br\/2025\/wp-content\/uploads\/2025\/10\/grafico-categorias@2x-768x345.png 768w, https:\/\/cbie.sbc.org.br\/2025\/wp-content\/uploads\/2025\/10\/grafico-categorias@2x-1536x690.png 1536w, https:\/\/cbie.sbc.org.br\/2025\/wp-content\/uploads\/2025\/10\/grafico-categorias@2x-600x269.png 600w, https:\/\/cbie.sbc.org.br\/2025\/wp-content\/uploads\/2025\/10\/grafico-categorias@2x.png 1581w\" sizes=\"(max-width: 1024px) 100vw, 1024px\" \/>\t\t\t\t\t\t\t\t\t\t\t\t\t\t\t<\/div>\n\t\t\t\t<\/div>\n\t\t\t\t<\/div>\n\t\t<div class=\"elementor-element elementor-element-563175c e-con-full e-flex wpr-particle-no wpr-jarallax-no wpr-parallax-no wpr-sticky-section-no e-con e-child\" data-id=\"563175c\" data-element_type=\"container\" data-e-type=\"container\">\n\t\t\t\t<div class=\"elementor-element elementor-element-3097ddb elementor-widget elementor-widget-text-editor\" data-id=\"3097ddb\" data-element_type=\"widget\" data-e-type=\"widget\" data-widget_type=\"text-editor.default\">\n\t\t\t\t<div class=\"elementor-widget-container\">\n\t\t\t\t\t\t\t\t\t<p>O CBIE \u00e9 um evento anual, realizado desde <strong>2012<\/strong> de forma <strong>itinerante<\/strong> e engloba os primeiros eventos de inform\u00e1tica na Educa\u00e7\u00e3o do Brasil.<\/p><p>Dentre os eventos base que comp\u00f5em a estrutura fixa do CBIE, est\u00e3o os tradicionais <strong>SBIE que ocorre desde 1990, o WIE desde 1995, o CTD-IE e o JAIE<\/strong>.<\/p><p>A cada ano o CBIE acontece em uma cidade do Brasil para, desta forma <strong>possibilitar a participa\u00e7\u00e3o e impactar todas as regi\u00f5es do pa\u00eds<\/strong>.<\/p>\t\t\t\t\t\t\t\t<\/div>\n\t\t\t\t<\/div>\n\t\t\t\t<\/div>\n\t\t\t\t\t<\/div>\n\t\t\t\t<\/div>\n\t\t<div class=\"elementor-element elementor-element-bb443e8 e-flex e-con-boxed wpr-particle-no wpr-jarallax-no wpr-parallax-no wpr-sticky-section-no e-con e-parent\" data-id=\"bb443e8\" data-element_type=\"container\" data-e-type=\"container\">\n\t\t\t\t\t<div class=\"e-con-inner\">\n\t\t<div class=\"elementor-element elementor-element-d65ec53 e-con-full e-flex wpr-particle-no wpr-jarallax-no wpr-parallax-no wpr-sticky-section-no e-con e-child\" data-id=\"d65ec53\" data-element_type=\"container\" data-e-type=\"container\">\n\t\t\t\t<div class=\"elementor-element elementor-element-e132929 elementor-widget elementor-widget-text-editor\" data-id=\"e132929\" data-element_type=\"widget\" data-e-type=\"widget\" data-widget_type=\"text-editor.default\">\n\t\t\t\t<div class=\"elementor-widget-container\">\n\t\t\t\t\t\t\t\t\t<p>Ao patrocinar o principal evento de Inform\u00e1tica na Educa\u00e7\u00e3o do Brasil, sua empresa ganha <strong>visibilidade estrat\u00e9gica<\/strong>, fortalece sua presen\u00e7a no ecossistema cultural e acad\u00eamico e contribui para o desenvolvimento de aspectos tecnologicos e humanos para a educa\u00e7\u00e3o do pa\u00eds.<\/p>\n<p>Mais do que exposi\u00e7\u00e3o, \u00e9 <strong>parceria e responsabilidade social para<\/strong><br><strong>moldar o futuro da rela\u00e7\u00e3o entre educa\u00e7\u00e3o e tecnologia.<\/strong><\/p>\t\t\t\t\t\t\t\t<\/div>\n\t\t\t\t<\/div>\n\t\t\t\t<\/div>\n\t\t\t\t<div class=\"elementor-element elementor-element-0dfefc8 elementor-widget elementor-widget-image\" data-id=\"0dfefc8\" data-element_type=\"widget\" data-e-type=\"widget\" data-widget_type=\"image.default\">\n\t\t\t\t<div class=\"elementor-widget-container\">\n\t\t\t\t\t\t\t\t\t\t\t\t\t\t\t<img decoding=\"async\" width=\"1024\" height=\"575\" src=\"https:\/\/cbie.sbc.org.br\/2025\/wp-content\/uploads\/2025\/10\/grafico-estados@2x-1024x575.png\" class=\"attachment-large size-large wp-image-9245\" alt=\"\" srcset=\"https:\/\/cbie.sbc.org.br\/2025\/wp-content\/uploads\/2025\/10\/grafico-estados@2x-1024x575.png 1024w, https:\/\/cbie.sbc.org.br\/2025\/wp-content\/uploads\/2025\/10\/grafico-estados@2x-300x168.png 300w, https:\/\/cbie.sbc.org.br\/2025\/wp-content\/uploads\/2025\/10\/grafico-estados@2x-768x431.png 768w, https:\/\/cbie.sbc.org.br\/2025\/wp-content\/uploads\/2025\/10\/grafico-estados@2x-1536x862.png 1536w, https:\/\/cbie.sbc.org.br\/2025\/wp-content\/uploads\/2025\/10\/grafico-estados@2x-150x85.png 150w, https:\/\/cbie.sbc.org.br\/2025\/wp-content\/uploads\/2025\/10\/grafico-estados@2x-600x337.png 600w, https:\/\/cbie.sbc.org.br\/2025\/wp-content\/uploads\/2025\/10\/grafico-estados@2x.png 1581w\" sizes=\"(max-width: 1024px) 100vw, 1024px\" \/>\t\t\t\t\t\t\t\t\t\t\t\t\t\t\t<\/div>\n\t\t\t\t<\/div>\n\t\t\t\t\t<\/div>\n\t\t\t\t<\/div>\n\t\t<div class=\"elementor-element elementor-element-ec685ba e-flex e-con-boxed wpr-particle-no wpr-jarallax-no wpr-parallax-no wpr-sticky-section-no e-con e-parent\" data-id=\"ec685ba\" data-element_type=\"container\" data-e-type=\"container\">\n\t\t\t\t\t<div class=\"e-con-inner\">\n\t\t<div class=\"elementor-element elementor-element-05d297c e-con-full e-flex wpr-particle-no wpr-jarallax-no wpr-parallax-no wpr-sticky-section-no e-con e-child\" data-id=\"05d297c\" data-element_type=\"container\" data-e-type=\"container\">\n\t\t\t\t<div class=\"elementor-element elementor-element-02d11d4 elementor-widget elementor-widget-heading\" data-id=\"02d11d4\" data-element_type=\"widget\" data-e-type=\"widget\" data-widget_type=\"heading.default\">\n\t\t\t\t<div class=\"elementor-widget-container\">\n\t\t\t\t\t<h2 class=\"elementor-heading-title elementor-size-default\"><b>Confira as cotas de Patroc\u00ednio e as contrapartidas do CBIE 2025<\/b><\/h2>\t\t\t\t<\/div>\n\t\t\t\t<\/div>\n\t\t\t\t<div class=\"elementor-element elementor-element-83b6d5b elementor-widget elementor-widget-image\" data-id=\"83b6d5b\" data-element_type=\"widget\" data-e-type=\"widget\" data-widget_type=\"image.default\">\n\t\t\t\t<div class=\"elementor-widget-container\">\n\t\t\t\t\t\t\t\t\t\t\t\t\t\t\t<img decoding=\"async\" width=\"1024\" height=\"816\" src=\"https:\/\/cbie.sbc.org.br\/2025\/wp-content\/uploads\/2025\/10\/tabela-cotas@2x-1024x816.png\" class=\"attachment-large size-large wp-image-9246\" alt=\"\" srcset=\"https:\/\/cbie.sbc.org.br\/2025\/wp-content\/uploads\/2025\/10\/tabela-cotas@2x-1024x816.png 1024w, https:\/\/cbie.sbc.org.br\/2025\/wp-content\/uploads\/2025\/10\/tabela-cotas@2x-300x239.png 300w, https:\/\/cbie.sbc.org.br\/2025\/wp-content\/uploads\/2025\/10\/tabela-cotas@2x-768x612.png 768w, https:\/\/cbie.sbc.org.br\/2025\/wp-content\/uploads\/2025\/10\/tabela-cotas@2x-1536x1225.png 1536w, https:\/\/cbie.sbc.org.br\/2025\/wp-content\/uploads\/2025\/10\/tabela-cotas@2x-2048x1633.png 2048w, https:\/\/cbie.sbc.org.br\/2025\/wp-content\/uploads\/2025\/10\/tabela-cotas@2x-600x478.png 600w\" sizes=\"(max-width: 1024px) 100vw, 1024px\" \/>\t\t\t\t\t\t\t\t\t\t\t\t\t\t\t<\/div>\n\t\t\t\t<\/div>\n\t\t\t\t<\/div>\n\t\t\t\t\t<\/div>\n\t\t\t\t<\/div>\n\t\t<div class=\"elementor-element elementor-element-bd323bc e-flex e-con-boxed wpr-particle-no wpr-jarallax-no wpr-parallax-no wpr-sticky-section-no e-con e-parent\" data-id=\"bd323bc\" data-element_type=\"container\" data-e-type=\"container\">\n\t\t\t\t\t<div class=\"e-con-inner\">\n\t\t\t\t<div class=\"elementor-element elementor-element-c534b32 elementor-widget elementor-widget-heading\" data-id=\"c534b32\" data-element_type=\"widget\" data-e-type=\"widget\" data-widget_type=\"heading.default\">\n\t\t\t\t<div class=\"elementor-widget-container\">\n\t\t\t\t\t<h2 class=\"elementor-heading-title elementor-size-default\"><b>Mais benef\u00edcios para Patrocinadores do CBIE 2025<\/b><\/h2>\t\t\t\t<\/div>\n\t\t\t\t<\/div>\n\t\t<div class=\"elementor-element elementor-element-5676e55 e-con-full e-flex wpr-particle-no wpr-jarallax-no wpr-parallax-no wpr-sticky-section-no e-con e-child\" data-id=\"5676e55\" data-element_type=\"container\" data-e-type=\"container\">\n\t\t<div class=\"elementor-element elementor-element-fa0c16e e-con-full e-flex wpr-particle-no wpr-jarallax-no wpr-parallax-no wpr-sticky-section-no e-con e-child\" data-id=\"fa0c16e\" data-element_type=\"container\" data-e-type=\"container\" data-settings=\"{&quot;background_background&quot;:&quot;classic&quot;}\">\n\t\t\t\t<div class=\"elementor-element elementor-element-6ce5d95 elementor-widget elementor-widget-heading\" data-id=\"6ce5d95\" data-element_type=\"widget\" data-e-type=\"widget\" data-widget_type=\"heading.default\">\n\t\t\t\t<div class=\"elementor-widget-container\">\n\t\t\t\t\t<h2 class=\"elementor-heading-title elementor-size-default\"><b>Branding<\/b><\/h2>\t\t\t\t<\/div>\n\t\t\t\t<\/div>\n\t\t\t\t<div class=\"elementor-element elementor-element-5bcb8fc elementor-widget elementor-widget-text-editor\" data-id=\"5bcb8fc\" data-element_type=\"widget\" data-e-type=\"widget\" data-widget_type=\"text-editor.default\">\n\t\t\t\t<div class=\"elementor-widget-container\">\n\t\t\t\t\t\t\t\t\t<ul><li>Fortalecimento da marca junto \u00e0 comunidade acad\u00eamica, governamental e sociedade;<br \/><br \/><\/li><li>Visibilidade em um p\u00fablico altamente qualificado;<br \/><br \/><\/li><li>Refor\u00e7o da imagem de responsabilidade social e educacional;<br \/><br \/><\/li><li>Participa\u00e7\u00e3o em um ecossistema de inova\u00e7\u00e3o.<\/li><\/ul>\t\t\t\t\t\t\t\t<\/div>\n\t\t\t\t<\/div>\n\t\t\t\t<\/div>\n\t\t<div class=\"elementor-element elementor-element-b501a56 e-con-full e-flex wpr-particle-no wpr-jarallax-no wpr-parallax-no wpr-sticky-section-no e-con e-child\" data-id=\"b501a56\" data-element_type=\"container\" data-e-type=\"container\" data-settings=\"{&quot;background_background&quot;:&quot;classic&quot;}\">\n\t\t\t\t<div class=\"elementor-element elementor-element-bee07de elementor-widget elementor-widget-heading\" data-id=\"bee07de\" data-element_type=\"widget\" data-e-type=\"widget\" data-widget_type=\"heading.default\">\n\t\t\t\t<div class=\"elementor-widget-container\">\n\t\t\t\t\t<h2 class=\"elementor-heading-title elementor-size-default\"><b>Parcerias<\/b><\/h2>\t\t\t\t<\/div>\n\t\t\t\t<\/div>\n\t\t\t\t<div class=\"elementor-element elementor-element-ed59417 elementor-widget elementor-widget-text-editor\" data-id=\"ed59417\" data-element_type=\"widget\" data-e-type=\"widget\" data-widget_type=\"text-editor.default\">\n\t\t\t\t<div class=\"elementor-widget-container\">\n\t\t\t\t\t\t\t\t\t<ul><li>Contato direto com decisores e formadores de opini\u00e3o;<br \/><br \/><\/li><li>Oportunidade de firmar parcerias governamentais;<br \/><br \/><\/li><li>Intera\u00e7\u00e3o com startups e laborat\u00f3rios de inova\u00e7\u00e3o;<br \/><br \/><\/li><li>Networking qualificado.<\/li><\/ul>\t\t\t\t\t\t\t\t<\/div>\n\t\t\t\t<\/div>\n\t\t\t\t<\/div>\n\t\t<div class=\"elementor-element elementor-element-c63f8ba e-con-full e-flex wpr-particle-no wpr-jarallax-no wpr-parallax-no wpr-sticky-section-no e-con e-child\" data-id=\"c63f8ba\" data-element_type=\"container\" data-e-type=\"container\" data-settings=\"{&quot;background_background&quot;:&quot;classic&quot;}\">\n\t\t\t\t<div class=\"elementor-element elementor-element-45b342f elementor-widget elementor-widget-heading\" data-id=\"45b342f\" data-element_type=\"widget\" data-e-type=\"widget\" data-widget_type=\"heading.default\">\n\t\t\t\t<div class=\"elementor-widget-container\">\n\t\t\t\t\t<h2 class=\"elementor-heading-title elementor-size-default\"><b>Inova\u00e7\u00e3o<\/b><\/h2>\t\t\t\t<\/div>\n\t\t\t\t<\/div>\n\t\t\t\t<div class=\"elementor-element elementor-element-2e2f175 elementor-widget elementor-widget-text-editor\" data-id=\"2e2f175\" data-element_type=\"widget\" data-e-type=\"widget\" data-widget_type=\"text-editor.default\">\n\t\t\t\t<div class=\"elementor-widget-container\">\n\t\t\t\t\t\t\t\t\t<ul><li>Mapeamento de tend\u00eancias;<br \/><br \/><\/li><li>Benchmarking com institui\u00e7\u00f5es l\u00edderes;<br \/><br \/><\/li><li>Testes e valida\u00e7\u00f5es com p\u00fablico especializado;<br \/><br \/><\/li><li>Acesso a dados e m\u00e9tricas do setor.<\/li><\/ul>\t\t\t\t\t\t\t\t<\/div>\n\t\t\t\t<\/div>\n\t\t\t\t<\/div>\n\t\t\t\t<\/div>\n\t\t<div class=\"elementor-element elementor-element-298a90f e-con-full e-flex wpr-particle-no wpr-jarallax-no wpr-parallax-no wpr-sticky-section-no e-con e-child\" data-id=\"298a90f\" data-element_type=\"container\" data-e-type=\"container\">\n\t\t<div class=\"elementor-element elementor-element-753e909 e-con-full e-flex wpr-particle-no wpr-jarallax-no wpr-parallax-no wpr-sticky-section-no e-con e-child\" data-id=\"753e909\" data-element_type=\"container\" data-e-type=\"container\" data-settings=\"{&quot;background_background&quot;:&quot;classic&quot;}\">\n\t\t\t\t<div class=\"elementor-element elementor-element-528a9e1 elementor-widget elementor-widget-heading\" data-id=\"528a9e1\" data-element_type=\"widget\" data-e-type=\"widget\" data-widget_type=\"heading.default\">\n\t\t\t\t<div class=\"elementor-widget-container\">\n\t\t\t\t\t<h2 class=\"elementor-heading-title elementor-size-default\"><b>Capacita\u00e7\u00e3o<\/b><\/h2>\t\t\t\t<\/div>\n\t\t\t\t<\/div>\n\t\t\t\t<div class=\"elementor-element elementor-element-5937b4f elementor-widget elementor-widget-text-editor\" data-id=\"5937b4f\" data-element_type=\"widget\" data-e-type=\"widget\" data-widget_type=\"text-editor.default\">\n\t\t\t\t<div class=\"elementor-widget-container\">\n\t\t\t\t\t\t\t\t\t<ul><li>Capacita\u00e7\u00e3o da equipe;<br \/><br \/><\/li><li>Inspira\u00e7\u00e3o para novos projetos;<br \/><br \/><\/li><li>Fomento \u00e0 cultura de inova\u00e7\u00e3o.<\/li><\/ul>\t\t\t\t\t\t\t\t<\/div>\n\t\t\t\t<\/div>\n\t\t\t\t<\/div>\n\t\t<div class=\"elementor-element elementor-element-22318a5 e-con-full e-flex wpr-particle-no wpr-jarallax-no wpr-parallax-no wpr-sticky-section-no e-con e-child\" data-id=\"22318a5\" data-element_type=\"container\" data-e-type=\"container\" data-settings=\"{&quot;background_background&quot;:&quot;classic&quot;}\">\n\t\t\t\t<div class=\"elementor-element elementor-element-9d0337c elementor-widget elementor-widget-heading\" data-id=\"9d0337c\" data-element_type=\"widget\" data-e-type=\"widget\" data-widget_type=\"heading.default\">\n\t\t\t\t<div class=\"elementor-widget-container\">\n\t\t\t\t\t<h2 class=\"elementor-heading-title elementor-size-default\"><b>Sociais<\/b><\/h2>\t\t\t\t<\/div>\n\t\t\t\t<\/div>\n\t\t\t\t<div class=\"elementor-element elementor-element-3eac9d0 elementor-widget elementor-widget-text-editor\" data-id=\"3eac9d0\" data-element_type=\"widget\" data-e-type=\"widget\" data-widget_type=\"text-editor.default\">\n\t\t\t\t<div class=\"elementor-widget-container\">\n\t\t\t\t\t\t\t\t\t<ul><li>Contribui\u00e7\u00e3o ao ecossistema educacional brasileiro;<br \/><br \/><\/li><li>Fortalecimento da imagem perante \u00f3rg\u00e3os p\u00fablicos, universidades e sociedade;<br \/><br \/><\/li><li>Aproxima\u00e7\u00e3o de talentos.<\/li><\/ul>\t\t\t\t\t\t\t\t<\/div>\n\t\t\t\t<\/div>\n\t\t\t\t<\/div>\n\t\t\t\t<\/div>\n\t\t\t\t\t<\/div>\n\t\t\t\t<\/div>\n\t\t<div class=\"elementor-element elementor-element-f6d050a e-flex e-con-boxed wpr-particle-no wpr-jarallax-no wpr-parallax-no wpr-sticky-section-no e-con e-parent\" data-id=\"f6d050a\" data-element_type=\"container\" data-e-type=\"container\">\n\t\t\t\t\t<div class=\"e-con-inner\">\n\t\t<div class=\"elementor-element elementor-element-bb070f8 e-con-full e-flex wpr-particle-no wpr-jarallax-no wpr-parallax-no wpr-sticky-section-no e-con e-child\" data-id=\"bb070f8\" data-element_type=\"container\" data-e-type=\"container\">\n\t\t\t\t<div class=\"elementor-element elementor-element-c867c43 elementor-widget elementor-widget-heading\" data-id=\"c867c43\" data-element_type=\"widget\" data-e-type=\"widget\" data-widget_type=\"heading.default\">\n\t\t\t\t<div class=\"elementor-widget-container\">\n\t\t\t\t\t<h5 class=\"elementor-heading-title elementor-size-default\"><a href=\"https:\/\/cbie.sbc.org.br\/2025\/wp-content\/uploads\/2025\/08\/PlanoDePatrocinioCBIE2025.pdf\">Fa\u00e7a o download da vers\u00e3o completa do <b>Plano de Patroc\u00ednio do CBIE 2025 <\/b>clicando no bot\u00e3o abaixo:<\/a><\/h5>\t\t\t\t<\/div>\n\t\t\t\t<\/div>\n\t\t\t\t<div class=\"elementor-element elementor-element-c71ce8c elementor-align-center elementor-widget elementor-widget-button\" data-id=\"c71ce8c\" data-element_type=\"widget\" data-e-type=\"widget\" data-widget_type=\"button.default\">\n\t\t\t\t<div class=\"elementor-widget-container\">\n\t\t\t\t\t\t\t\t\t<div class=\"elementor-button-wrapper\">\n\t\t\t\t\t<a class=\"elementor-button elementor-button-link elementor-size-sm elementor-animation-grow\" href=\"https:\/\/cbie.sbc.org.br\/2025\/wp-content\/uploads\/2025\/10\/V2.1-Kit-Patroci\u0301nio.pdf\" target=\"_blank\">\n\t\t\t\t\t\t<span class=\"elementor-button-content-wrapper\">\n\t\t\t\t\t\t\t\t\t<span class=\"elementor-button-text\">Fazer download do Plano de Patroc\u00ednio<\/span>\n\t\t\t\t\t<\/span>\n\t\t\t\t\t<\/a>\n\t\t\t\t<\/div>\n\t\t\t\t\t\t\t\t<\/div>\n\t\t\t\t<\/div>\n\t\t\t\t<\/div>\n\t\t\t\t\t<\/div>\n\t\t\t\t<\/div>\n\t\t<div class=\"elementor-element elementor-element-47b3ed0 e-flex e-con-boxed wpr-particle-no wpr-jarallax-no wpr-parallax-no wpr-sticky-section-no e-con e-parent\" data-id=\"47b3ed0\" data-element_type=\"container\" data-e-type=\"container\" data-settings=\"{&quot;background_background&quot;:&quot;classic&quot;}\">\n\t\t\t\t\t<div class=\"e-con-inner\">\n\t\t\t\t\t<\/div>\n\t\t\t\t<\/div>\n\t\t\t\t<\/div>\n\t\t","protected":false},"excerpt":{"rendered":"<p>Patrocine o CBIE 2025 O CBIE \u00e9 um evento anual, realizado desde 2012 de forma itinerante e engloba os primeiros eventos de inform\u00e1tica na Educa\u00e7\u00e3o do Brasil. Dentre os eventos base que comp\u00f5em a estrutura fixa do CBIE, est\u00e3o os tradicionais SBIE que ocorre desde 1990, o WIE desde 1995, o CTD-IE e o JAIE. A cada ano o CBIE acontece em uma cidade do Brasil para, desta forma possibilitar a participa\u00e7\u00e3o e impactar todas as regi\u00f5es do pa\u00eds. Ao patrocinar o principal evento de Inform\u00e1tica na Educa\u00e7\u00e3o do Brasil, sua empresa ganha visibilidade estrat\u00e9gica, fortalece sua presen\u00e7a no ecossistema cultural e acad\u00eamico e contribui para o desenvolvimento de aspectos tecnologicos e humanos para a educa\u00e7\u00e3o do pa\u00eds. Mais do que exposi\u00e7\u00e3o, \u00e9 parceria e responsabilidade social paramoldar o futuro da rela\u00e7\u00e3o entre educa\u00e7\u00e3o e tecnologia. Confira as cotas de Patroc\u00ednio e as contrapartidas do CBIE 2025 Mais benef\u00edcios para Patrocinadores do CBIE 2025 Branding Fortalecimento da marca junto \u00e0 comunidade acad\u00eamica, governamental e sociedade; Visibilidade em um p\u00fablico altamente qualificado; Refor\u00e7o da imagem de responsabilidade social e educacional; Participa\u00e7\u00e3o em um ecossistema de inova\u00e7\u00e3o. Parcerias Contato direto com decisores e formadores de opini\u00e3o; Oportunidade de firmar parcerias governamentais; Intera\u00e7\u00e3o com startups e laborat\u00f3rios de inova\u00e7\u00e3o; Networking qualificado. Inova\u00e7\u00e3o Mapeamento de tend\u00eancias; Benchmarking com institui\u00e7\u00f5es l\u00edderes; Testes e valida\u00e7\u00f5es com p\u00fablico especializado; Acesso a dados e m\u00e9tricas do setor. Capacita\u00e7\u00e3o Capacita\u00e7\u00e3o da equipe; Inspira\u00e7\u00e3o para novos projetos; Fomento \u00e0 cultura de inova\u00e7\u00e3o. Sociais Contribui\u00e7\u00e3o ao ecossistema educacional brasileiro; Fortalecimento da imagem perante \u00f3rg\u00e3os p\u00fablicos, universidades e sociedade; Aproxima\u00e7\u00e3o de talentos. Fa\u00e7a o download da vers\u00e3o completa do Plano de Patroc\u00ednio do CBIE 2025 clicando no bot\u00e3o abaixo: Fazer download do Plano de Patroc\u00ednio<\/p>\n","protected":false},"author":20,"featured_media":0,"parent":0,"menu_order":0,"comment_status":"closed","ping_status":"closed","template":"elementor_header_footer","meta":{"footnotes":""},"class_list":["post-6668","page","type-page","status-publish","hentry"],"_links":{"self":[{"href":"https:\/\/cbie.sbc.org.br\/2025\/wp-json\/wp\/v2\/pages\/6668","targetHints":{"allow":["GET"]}}],"collection":[{"href":"https:\/\/cbie.sbc.org.br\/2025\/wp-json\/wp\/v2\/pages"}],"about":[{"href":"https:\/\/cbie.sbc.org.br\/2025\/wp-json\/wp\/v2\/types\/page"}],"author":[{"embeddable":true,"href":"https:\/\/cbie.sbc.org.br\/2025\/wp-json\/wp\/v2\/users\/20"}],"replies":[{"embeddable":true,"href":"https:\/\/cbie.sbc.org.br\/2025\/wp-json\/wp\/v2\/comments?post=6668"}],"version-history":[{"count":85,"href":"https:\/\/cbie.sbc.org.br\/2025\/wp-json\/wp\/v2\/pages\/6668\/revisions"}],"predecessor-version":[{"id":9270,"href":"https:\/\/cbie.sbc.org.br\/2025\/wp-json\/wp\/v2\/pages\/6668\/revisions\/9270"}],"wp:attachment":[{"href":"https:\/\/cbie.sbc.org.br\/2025\/wp-json\/wp\/v2\/media?parent=6668"}],"curies":[{"name":"wp","href":"https:\/\/api.w.org\/{rel}","templated":true}]}}