{"id":5206,"date":"2024-10-22T21:58:09","date_gmt":"2024-10-23T00:58:09","guid":{"rendered":"https:\/\/cbie.sbc.org.br\/2024\/?page_id=5206"},"modified":"2024-10-22T22:11:04","modified_gmt":"2024-10-23T01:11:04","slug":"programacao-jaie","status":"publish","type":"page","link":"https:\/\/cbie.sbc.org.br\/2024\/programacao-jaie\/","title":{"rendered":"Programa\u00e7\u00e3o JAIE"},"content":{"rendered":"\t\t<div data-elementor-type=\"wp-page\" data-elementor-id=\"5206\" class=\"elementor elementor-5206\">\n\t\t\t\t<div class=\"elementor-element elementor-element-c42d2e9 e-flex e-con-boxed wpr-particle-no wpr-jarallax-no wpr-parallax-no wpr-sticky-section-no wpr-equal-height-no e-con e-parent\" data-id=\"c42d2e9\" data-element_type=\"container\" data-e-type=\"container\">\n\t\t\t\t\t<div class=\"e-con-inner\">\n\t\t\t\t<div class=\"elementor-element elementor-element-1701b30 elementor-widget elementor-widget-text-editor\" data-id=\"1701b30\" data-element_type=\"widget\" data-e-type=\"widget\" data-widget_type=\"text-editor.default\">\n\t\t\t\t<div class=\"elementor-widget-container\">\n\t\t\t\t\t\t\t\t\t<h3 data-olk-copy-source=\"MessageBody\">JAIE 1 &#8211;&nbsp;<span style=\"letter-spacing: 0px; text-align: inherit; word-spacing: var( --e-global-typography-text-word-spacing );\">04\/11\/2024 &#8211; Segunda-feira &#8211; 10h \u00e0s 17h<\/span><\/h3>\n<h3 data-olk-copy-source=\"MessageBody\">Pedagogia Neurocient\u00edfica Ativa com Jogos<\/h3>\n<h5 data-olk-copy-source=\"MessageBody\">Ministrantes\/autores: Carla Ver\u00f4nica Machado Marques, Ana Paula Cavadas Rodrigues, Claudia Lage Rebello da Motta e Carlo Emmanoel Tolla de Oliveira<\/h5>\n<div data-olk-copy-source=\"MessageBody\">&nbsp;<\/div>\n<h3>JAIE 2 &#8211;&nbsp;<span style=\"letter-spacing: 0px; text-align: inherit; word-spacing: var( --e-global-typography-text-word-spacing );\">05\/11\/2024 &#8211; Ter\u00e7a-feira &#8211; 09h20 \u00e0s 16h30<\/span><\/h3>\n<h3>Pr\u00e1tica de Design Educacional: Projetando Artefatos para a Literacia de Dados<\/h3>\n<h5>Ministrantes\/autores: <span style=\"font-size: 16px;\">Luciana Brito, Juliana Fran\u00e7a e Adriana Vivacqua<\/span><\/h5>\n<div><span style=\"font-size: 16px;\"><br><\/span><\/div>\n<p><\/p>\n<h3>JAIE 3 &#8211;&nbsp;<span style=\"letter-spacing: 0px; text-align: inherit; word-spacing: var( --e-global-typography-text-word-spacing );\">06\/11\/2024 &#8211; Quarta-feira &#8211;&nbsp;<\/span><span style=\"letter-spacing: 0px; text-align: inherit; word-spacing: var( --e-global-typography-text-word-spacing );\">09h20 \u00e0s 16h30<\/span><\/h3>\n<h3>DTColab: Design Thinking na Educa\u00e7\u00e3o com Suporte de Ferramentas Computacionais Colaborativas<\/h3>\n<h5>Ministrantes\/autores: <span style=\"font-size: 16px;\">Rafael Parizi, Maria Teresa Gouv\u00eaa, Ang\u00e9lica F. S. Dias<\/span><\/h5>\t\t\t\t\t\t\t\t<\/div>\n\t\t\t\t<\/div>\n\t\t\t\t\t<\/div>\n\t\t\t\t<\/div>\n\t\t\t\t<\/div>\n\t\t","protected":false},"excerpt":{"rendered":"<p>JAIE 1 &#8211;&nbsp;04\/11\/2024 &#8211; Segunda-feira &#8211; 10h \u00e0s 17h Pedagogia Neurocient\u00edfica Ativa com Jogos Ministrantes\/autores: Carla Ver\u00f4nica Machado Marques, Ana Paula Cavadas Rodrigues, Claudia Lage Rebello da Motta e Carlo Emmanoel Tolla de Oliveira &nbsp; JAIE 2 &#8211;&nbsp;05\/11\/2024 &#8211; Ter\u00e7a-feira &#8211; 09h20 \u00e0s 16h30 Pr\u00e1tica de Design Educacional: Projetando Artefatos para a Literacia de Dados Ministrantes\/autores: Luciana Brito, Juliana Fran\u00e7a e Adriana Vivacqua JAIE 3 &#8211;&nbsp;06\/11\/2024 &#8211; Quarta-feira &#8211;&nbsp;09h20 \u00e0s 16h30 DTColab: Design Thinking na Educa\u00e7\u00e3o com Suporte de Ferramentas Computacionais Colaborativas Ministrantes\/autores: Rafael Parizi, Maria Teresa Gouv\u00eaa, Ang\u00e9lica F. S. Dias<\/p>\n","protected":false},"author":9,"featured_media":0,"parent":0,"menu_order":0,"comment_status":"closed","ping_status":"closed","template":"elementor_header_footer","meta":{"footnotes":""},"class_list":["post-5206","page","type-page","status-publish","hentry"],"_links":{"self":[{"href":"https:\/\/cbie.sbc.org.br\/2024\/wp-json\/wp\/v2\/pages\/5206","targetHints":{"allow":["GET"]}}],"collection":[{"href":"https:\/\/cbie.sbc.org.br\/2024\/wp-json\/wp\/v2\/pages"}],"about":[{"href":"https:\/\/cbie.sbc.org.br\/2024\/wp-json\/wp\/v2\/types\/page"}],"author":[{"embeddable":true,"href":"https:\/\/cbie.sbc.org.br\/2024\/wp-json\/wp\/v2\/users\/9"}],"replies":[{"embeddable":true,"href":"https:\/\/cbie.sbc.org.br\/2024\/wp-json\/wp\/v2\/comments?post=5206"}],"version-history":[{"count":7,"href":"https:\/\/cbie.sbc.org.br\/2024\/wp-json\/wp\/v2\/pages\/5206\/revisions"}],"predecessor-version":[{"id":5214,"href":"https:\/\/cbie.sbc.org.br\/2024\/wp-json\/wp\/v2\/pages\/5206\/revisions\/5214"}],"wp:attachment":[{"href":"https:\/\/cbie.sbc.org.br\/2024\/wp-json\/wp\/v2\/media?parent=5206"}],"curies":[{"name":"wp","href":"https:\/\/api.w.org\/{rel}","templated":true}]}}