{"id":4997,"date":"2024-10-19T17:49:08","date_gmt":"2024-10-19T20:49:08","guid":{"rendered":"https:\/\/cbie.sbc.org.br\/2024\/?page_id=4997"},"modified":"2024-10-19T18:10:49","modified_gmt":"2024-10-19T21:10:49","slug":"passeio-por-adesao","status":"publish","type":"page","link":"https:\/\/cbie.sbc.org.br\/2024\/passeio-por-adesao\/","title":{"rendered":"Passeio por Ades\u00e3o"},"content":{"rendered":"\t\t<div data-elementor-type=\"wp-page\" data-elementor-id=\"4997\" class=\"elementor elementor-4997\">\n\t\t\t\t<div class=\"elementor-element elementor-element-9f60275 e-flex e-con-boxed wpr-particle-no wpr-jarallax-no wpr-parallax-no wpr-sticky-section-no wpr-equal-height-no e-con e-parent\" data-id=\"9f60275\" data-element_type=\"container\" data-e-type=\"container\">\n\t\t\t\t\t<div class=\"e-con-inner\">\n\t\t\t\t<div class=\"elementor-element elementor-element-e5c041c elementor-widget elementor-widget-spacer\" data-id=\"e5c041c\" data-element_type=\"widget\" data-e-type=\"widget\" data-widget_type=\"spacer.default\">\n\t\t\t\t<div class=\"elementor-widget-container\">\n\t\t\t\t\t\t\t<div class=\"elementor-spacer\">\n\t\t\t<div class=\"elementor-spacer-inner\"><\/div>\n\t\t<\/div>\n\t\t\t\t\t\t<\/div>\n\t\t\t\t<\/div>\n\t\t\t\t<div class=\"elementor-element elementor-element-e73deb3 elementor-widget__width-initial elementor-widget elementor-widget-heading\" data-id=\"e73deb3\" data-element_type=\"widget\" data-e-type=\"widget\" data-widget_type=\"heading.default\">\n\t\t\t\t<div class=\"elementor-widget-container\">\n\t\t\t\t\t<h3 class=\"elementor-heading-title elementor-size-default\">Passeio por Ades\u00e3o - CBIE 2024<\/h3>\t\t\t\t<\/div>\n\t\t\t\t<\/div>\n\t\t\t\t<div class=\"elementor-element elementor-element-fdaec32 elementor-widget__width-initial elementor-widget elementor-widget-text-editor\" data-id=\"fdaec32\" data-element_type=\"widget\" data-e-type=\"widget\" data-widget_type=\"text-editor.default\">\n\t\t\t\t<div class=\"elementor-widget-container\">\n\t\t\t\t\t\t\t\t\t<p>Reserve sua vaga no passeio do <b>XIII Congresso Brasileiro de Inform\u00e1tica na Educa\u00e7\u00e3o (<\/b><b>CBIE 2024).<\/b><\/p><p>Em breve mais informa\u00e7\u00f5es!<\/p><div>\u00a0<\/div>\t\t\t\t\t\t\t\t<\/div>\n\t\t\t\t<\/div>\n\t\t\t\t\t<\/div>\n\t\t\t\t<\/div>\n\t\t<div class=\"elementor-element elementor-element-280c7d8 e-flex e-con-boxed wpr-particle-no wpr-jarallax-no wpr-parallax-no wpr-sticky-section-no wpr-equal-height-no e-con e-parent\" data-id=\"280c7d8\" data-element_type=\"container\" data-e-type=\"container\">\n\t\t\t\t\t<div class=\"e-con-inner\">\n\t\t\t\t<div class=\"elementor-element elementor-element-0ae0e26 elementor-widget__width-initial elementor-widget elementor-widget-heading\" data-id=\"0ae0e26\" data-element_type=\"widget\" data-e-type=\"widget\" data-widget_type=\"heading.default\">\n\t\t\t\t<div class=\"elementor-widget-container\">\n\t\t\t\t\t<h4 class=\"elementor-heading-title elementor-size-default\">Data e Local<\/h4>\t\t\t\t<\/div>\n\t\t\t\t<\/div>\n\t\t<div class=\"elementor-element elementor-element-75c4a15 e-con-full e-flex wpr-particle-no wpr-jarallax-no wpr-parallax-no wpr-sticky-section-no wpr-equal-height-no e-con e-child\" data-id=\"75c4a15\" data-element_type=\"container\" data-e-type=\"container\" data-settings=\"{&quot;background_background&quot;:&quot;classic&quot;}\">\n\t\t<div class=\"elementor-element elementor-element-fd21d06 e-con-full e-flex wpr-particle-no wpr-jarallax-no wpr-parallax-no wpr-sticky-section-no wpr-equal-height-no e-con e-child\" data-id=\"fd21d06\" data-element_type=\"container\" data-e-type=\"container\" data-settings=\"{&quot;background_background&quot;:&quot;classic&quot;}\">\n\t\t<div class=\"elementor-element elementor-element-e72866d e-con-full e-flex wpr-particle-no wpr-jarallax-no wpr-parallax-no wpr-sticky-section-no wpr-equal-height-no e-con e-child\" data-id=\"e72866d\" data-element_type=\"container\" data-e-type=\"container\">\n\t\t\t\t<div class=\"elementor-element elementor-element-03e7e23 elementor-widget elementor-widget-image\" data-id=\"03e7e23\" data-element_type=\"widget\" data-e-type=\"widget\" data-widget_type=\"image.default\">\n\t\t\t\t<div class=\"elementor-widget-container\">\n\t\t\t\t\t\t\t\t\t\t\t\t<figure class=\"wp-caption\">\n\t\t\t\t\t\t\t\t\t\t<img fetchpriority=\"high\" decoding=\"async\" width=\"800\" height=\"600\" src=\"https:\/\/cbie.sbc.org.br\/2024\/wp-content\/uploads\/2024\/10\/Bondinho_8067306148.jpg\" class=\"attachment-large size-large wp-image-5003\" alt=\"\" srcset=\"https:\/\/cbie.sbc.org.br\/2024\/wp-content\/uploads\/2024\/10\/Bondinho_8067306148.jpg 800w, https:\/\/cbie.sbc.org.br\/2024\/wp-content\/uploads\/2024\/10\/Bondinho_8067306148-300x225.jpg 300w, https:\/\/cbie.sbc.org.br\/2024\/wp-content\/uploads\/2024\/10\/Bondinho_8067306148-768x576.jpg 768w, https:\/\/cbie.sbc.org.br\/2024\/wp-content\/uploads\/2024\/10\/Bondinho_8067306148-600x450.jpg 600w\" sizes=\"(max-width: 800px) 100vw, 800px\" \/>\t\t\t\t\t\t\t\t\t\t\t<figcaption class=\"widget-image-caption wp-caption-text\">Fonte: Wikimedia<\/figcaption>\n\t\t\t\t\t\t\t\t\t\t<\/figure>\n\t\t\t\t\t\t\t\t\t<\/div>\n\t\t\t\t<\/div>\n\t\t\t\t<\/div>\n\t\t<div class=\"elementor-element elementor-element-e533220 e-con-full e-flex wpr-particle-no wpr-jarallax-no wpr-parallax-no wpr-sticky-section-no wpr-equal-height-no e-con e-child\" data-id=\"e533220\" data-element_type=\"container\" data-e-type=\"container\">\n\t\t\t\t<div class=\"elementor-element elementor-element-8ba042d elementor-widget elementor-widget-heading\" data-id=\"8ba042d\" data-element_type=\"widget\" data-e-type=\"widget\" data-widget_type=\"heading.default\">\n\t\t\t\t<div class=\"elementor-widget-container\">\n\t\t\t\t\t<h3 class=\"elementor-heading-title elementor-size-default\">Sexta - 08\/11 a partir de 14h<\/h3>\t\t\t\t<\/div>\n\t\t\t\t<\/div>\n\t\t\t\t<div class=\"elementor-element elementor-element-338ffa1 elementor-widget elementor-widget-heading\" data-id=\"338ffa1\" data-element_type=\"widget\" data-e-type=\"widget\" data-widget_type=\"heading.default\">\n\t\t\t\t<div class=\"elementor-widget-container\">\n\t\t\t\t\t<h3 class=\"elementor-heading-title elementor-size-default\">P\u00e3o de A\u00e7\u00facar<\/h3>\t\t\t\t<\/div>\n\t\t\t\t<\/div>\n\t\t\t\t<div class=\"elementor-element elementor-element-f217886 elementor-widget elementor-widget-text-editor\" data-id=\"f217886\" data-element_type=\"widget\" data-e-type=\"widget\" data-widget_type=\"text-editor.default\">\n\t\t\t\t<div class=\"elementor-widget-container\">\n\t\t\t\t\t\t\t\t\t<p>Um dos maiores cart\u00f5es-postais da cidade do Rio de Janeiro e um dos mais famosos do Brasil. Entre as atra\u00e7\u00f5es da \u00e1rea est\u00e3o o passeio de\u00a0telef\u00e9rico, conhecido como bondinho e a trilha do Morro da Urca com vista para Corcovado,\u00a0Copacabana,\u00a0Botafogo\u00a0e\u00a0Ba\u00eda de Guanabara<\/p>\t\t\t\t\t\t\t\t<\/div>\n\t\t\t\t<\/div>\n\t\t\t\t<div class=\"elementor-element elementor-element-91e4525 elementor-widget elementor-widget-button\" data-id=\"91e4525\" data-element_type=\"widget\" data-e-type=\"widget\" data-widget_type=\"button.default\">\n\t\t\t\t<div class=\"elementor-widget-container\">\n\t\t\t\t\t\t\t\t\t<div class=\"elementor-button-wrapper\">\n\t\t\t\t\t<a class=\"elementor-button elementor-button-link elementor-size-sm\" href=\"https:\/\/www.google.com\/maps\/dir\/Instituto+Benjamin+Constant+-+Avenida+Pasteur+-+Urca,+Rio+de+Janeiro+-+RJ\/P%C3%A3o+de+A%C3%A7%C3%BAcar+-+Urca,+Rio+de+Janeiro+-+RJ\/@-22.9524155,-43.1684417,16z\/data=!3m1!4b1!4m14!4m13!1m5!1m1!1s0x998195e5bc4eb1:0x61c3f47b30accb24!2m2!1d-43.172006!2d-22.9532708!1m5!1m1!1s0x9980409039f845:0x8075d7bcdfbcb48c!2m2!1d-43.1545757!2d-22.9492586!3e9?entry=ttu&#038;g_ep=EgoyMDI0MTAxNi4wIKXMDSoASAFQAw%3D%3D\">\n\t\t\t\t\t\t<span class=\"elementor-button-content-wrapper\">\n\t\t\t\t\t\t\t\t\t<span class=\"elementor-button-text\">Visualizar informa\u00e7\u00f5es no mapa<\/span>\n\t\t\t\t\t<\/span>\n\t\t\t\t\t<\/a>\n\t\t\t\t<\/div>\n\t\t\t\t\t\t\t\t<\/div>\n\t\t\t\t<\/div>\n\t\t\t\t<\/div>\n\t\t\t\t<\/div>\n\t\t\t\t<\/div>\n\t\t\t\t\t<\/div>\n\t\t\t\t<\/div>\n\t\t<div class=\"elementor-element elementor-element-c45bd81 e-flex e-con-boxed wpr-particle-no wpr-jarallax-no wpr-parallax-no wpr-sticky-section-no wpr-equal-height-no e-con e-parent\" data-id=\"c45bd81\" data-element_type=\"container\" data-e-type=\"container\">\n\t\t\t\t\t<div class=\"e-con-inner\">\n\t\t<div class=\"elementor-element elementor-element-7b12fd4 e-con-full e-flex wpr-particle-no wpr-jarallax-no wpr-parallax-no wpr-sticky-section-no wpr-equal-height-no e-con e-child\" data-id=\"7b12fd4\" data-element_type=\"container\" data-e-type=\"container\">\n\t\t\t\t<div class=\"elementor-element elementor-element-db0abf0 elementor-widget elementor-widget-google_maps\" data-id=\"db0abf0\" data-element_type=\"widget\" data-e-type=\"widget\" data-widget_type=\"google_maps.default\">\n\t\t\t\t<div class=\"elementor-widget-container\">\n\t\t\t\t\t\t\t<div class=\"elementor-custom-embed\">\n\t\t\t<iframe loading=\"lazy\"\n\t\t\t\t\tsrc=\"https:\/\/maps.google.com\/maps?q=P%C3%A3o%20de%20A%C3%A7%C3%BAcar%20-%20Urca%2C%20Rio%20de%20Janeiro%20-%20RJ&#038;t=m&#038;z=14&#038;output=embed&#038;iwloc=near\"\n\t\t\t\t\ttitle=\"P\u00e3o de A\u00e7\u00facar - Urca, Rio de Janeiro - RJ\"\n\t\t\t\t\taria-label=\"P\u00e3o de A\u00e7\u00facar - Urca, Rio de Janeiro - RJ\"\n\t\t\t><\/iframe>\n\t\t<\/div>\n\t\t\t\t\t\t<\/div>\n\t\t\t\t<\/div>\n\t\t\t\t<\/div>\n\t\t<div class=\"elementor-element elementor-element-a98f2d4 e-con-full e-flex wpr-particle-no wpr-jarallax-no wpr-parallax-no wpr-sticky-section-no wpr-equal-height-no e-con e-child\" data-id=\"a98f2d4\" data-element_type=\"container\" data-e-type=\"container\">\n\t\t\t\t<div class=\"elementor-element elementor-element-33b95cd elementor-arrows-position-inside elementor-pagination-position-outside elementor-widget elementor-widget-image-carousel\" data-id=\"33b95cd\" data-element_type=\"widget\" data-e-type=\"widget\" data-settings=\"{&quot;slides_to_show&quot;:&quot;1&quot;,&quot;navigation&quot;:&quot;both&quot;,&quot;autoplay&quot;:&quot;yes&quot;,&quot;autoplay_speed&quot;:5000,&quot;infinite&quot;:&quot;yes&quot;,&quot;effect&quot;:&quot;slide&quot;,&quot;speed&quot;:500}\" data-widget_type=\"image-carousel.default\">\n\t\t\t\t<div class=\"elementor-widget-container\">\n\t\t\t\t\t\t\t<div class=\"elementor-image-carousel-wrapper swiper\" role=\"region\" aria-roledescription=\"carousel\" aria-label=\"Carrossel de imagens\" dir=\"ltr\">\n\t\t\t<div class=\"elementor-image-carousel swiper-wrapper swiper-image-stretch\" aria-live=\"off\">\n\t\t\t\t\t\t\t\t<div class=\"swiper-slide\" role=\"group\" aria-roledescription=\"slide\" aria-label=\"1 de 4\"><figure class=\"swiper-slide-inner\"><img decoding=\"async\" class=\"swiper-slide-image\" src=\"https:\/\/cbie.sbc.org.br\/2024\/wp-content\/uploads\/2024\/10\/Rio-vista-pao-de-acucar-2-370x265.jpg\" alt=\"Vista do P\u00e3o de A\u00e7\u00facar\" \/><figcaption class=\"elementor-image-carousel-caption\">Vista do P\u00e3o de A\u00e7\u00facar<\/figcaption><\/figure><\/div><div class=\"swiper-slide\" role=\"group\" aria-roledescription=\"slide\" aria-label=\"2 de 4\"><figure class=\"swiper-slide-inner\"><img decoding=\"async\" class=\"swiper-slide-image\" src=\"https:\/\/cbie.sbc.org.br\/2024\/wp-content\/uploads\/2024\/10\/Praia_Vermelha_vista_do_alto_Pao_de_Acucar-370x265.jpg\" alt=\"Alto do P\u00e3o de Ac\u00facar\" \/><figcaption class=\"elementor-image-carousel-caption\">Alto do P\u00e3o de Ac\u00facar<\/figcaption><\/figure><\/div><div class=\"swiper-slide\" role=\"group\" aria-roledescription=\"slide\" aria-label=\"3 de 4\"><figure class=\"swiper-slide-inner\"><img decoding=\"async\" class=\"swiper-slide-image\" src=\"https:\/\/cbie.sbc.org.br\/2024\/wp-content\/uploads\/2024\/10\/Pao_de_acucar_praia_Vermelha-370x265.jpg\" alt=\"P\u00e3o de A\u00e7\u00facar visto da Praia Vermelha\" \/><figcaption class=\"elementor-image-carousel-caption\">P\u00e3o de A\u00e7\u00facar visto da Praia Vermelha<\/figcaption><\/figure><\/div><div class=\"swiper-slide\" role=\"group\" aria-roledescription=\"slide\" aria-label=\"4 de 4\"><figure class=\"swiper-slide-inner\"><img decoding=\"async\" class=\"swiper-slide-image\" src=\"https:\/\/cbie.sbc.org.br\/2024\/wp-content\/uploads\/2024\/10\/Bondinho_8067306148-370x265.jpg\" alt=\"Bondinho do P\u00e3o de A\u00e7\u00facar\" \/><figcaption class=\"elementor-image-carousel-caption\">Bondinho do P\u00e3o de A\u00e7\u00facar<\/figcaption><\/figure><\/div>\t\t\t<\/div>\n\t\t\t\t\t\t\t\t\t\t\t\t<div class=\"elementor-swiper-button elementor-swiper-button-prev\" role=\"button\" tabindex=\"0\">\n\t\t\t\t\t\t<i aria-hidden=\"true\" class=\"eicon-chevron-left\"><\/i>\t\t\t\t\t<\/div>\n\t\t\t\t\t<div class=\"elementor-swiper-button elementor-swiper-button-next\" role=\"button\" tabindex=\"0\">\n\t\t\t\t\t\t<i aria-hidden=\"true\" class=\"eicon-chevron-right\"><\/i>\t\t\t\t\t<\/div>\n\t\t\t\t\n\t\t\t\t\t\t\t\t\t<div class=\"swiper-pagination\"><\/div>\n\t\t\t\t\t\t\t\t\t<\/div>\n\t\t\t\t\t\t<\/div>\n\t\t\t\t<\/div>\n\t\t\t\t<\/div>\n\t\t\t\t\t<\/div>\n\t\t\t\t<\/div>\n\t\t\t\t<\/div>\n\t\t","protected":false},"excerpt":{"rendered":"<p>Passeio por Ades\u00e3o &#8211; CBIE 2024 Reserve sua vaga no passeio do XIII Congresso Brasileiro de Inform\u00e1tica na Educa\u00e7\u00e3o (CBIE 2024). Em breve mais informa\u00e7\u00f5es! \u00a0 Data e Local Fonte: Wikimedia Sexta &#8211; 08\/11 a partir de 14h P\u00e3o de A\u00e7\u00facar Um dos maiores cart\u00f5es-postais da cidade do Rio de Janeiro e um dos mais famosos do Brasil. Entre as atra\u00e7\u00f5es da \u00e1rea est\u00e3o o passeio de\u00a0telef\u00e9rico, conhecido como bondinho e a trilha do Morro da Urca com vista para Corcovado,\u00a0Copacabana,\u00a0Botafogo\u00a0e\u00a0Ba\u00eda de Guanabara Visualizar informa\u00e7\u00f5es no mapa Vista do P\u00e3o de A\u00e7\u00facar Alto do P\u00e3o de Ac\u00facar P\u00e3o de A\u00e7\u00facar visto da Praia Vermelha Bondinho do P\u00e3o de A\u00e7\u00facar<\/p>\n","protected":false},"author":13,"featured_media":0,"parent":0,"menu_order":0,"comment_status":"closed","ping_status":"closed","template":"elementor_header_footer","meta":{"footnotes":""},"class_list":["post-4997","page","type-page","status-publish","hentry"],"_links":{"self":[{"href":"https:\/\/cbie.sbc.org.br\/2024\/wp-json\/wp\/v2\/pages\/4997","targetHints":{"allow":["GET"]}}],"collection":[{"href":"https:\/\/cbie.sbc.org.br\/2024\/wp-json\/wp\/v2\/pages"}],"about":[{"href":"https:\/\/cbie.sbc.org.br\/2024\/wp-json\/wp\/v2\/types\/page"}],"author":[{"embeddable":true,"href":"https:\/\/cbie.sbc.org.br\/2024\/wp-json\/wp\/v2\/users\/13"}],"replies":[{"embeddable":true,"href":"https:\/\/cbie.sbc.org.br\/2024\/wp-json\/wp\/v2\/comments?post=4997"}],"version-history":[{"count":7,"href":"https:\/\/cbie.sbc.org.br\/2024\/wp-json\/wp\/v2\/pages\/4997\/revisions"}],"predecessor-version":[{"id":5014,"href":"https:\/\/cbie.sbc.org.br\/2024\/wp-json\/wp\/v2\/pages\/4997\/revisions\/5014"}],"wp:attachment":[{"href":"https:\/\/cbie.sbc.org.br\/2024\/wp-json\/wp\/v2\/media?parent=4997"}],"curies":[{"name":"wp","href":"https:\/\/api.w.org\/{rel}","templated":true}]}}