{"id":4149,"date":"2024-06-28T09:11:46","date_gmt":"2024-06-28T12:11:46","guid":{"rendered":"https:\/\/cbie.sbc.org.br\/2024\/?page_id=4149"},"modified":"2024-06-28T14:49:58","modified_gmt":"2024-06-28T17:49:58","slug":"submissoes","status":"publish","type":"page","link":"https:\/\/cbie.sbc.org.br\/2024\/submissoes\/","title":{"rendered":"Submiss\u00f5es"},"content":{"rendered":"\t\t<div data-elementor-type=\"wp-page\" data-elementor-id=\"4149\" class=\"elementor elementor-4149\">\n\t\t\t\t<div class=\"elementor-element elementor-element-15765ad e-flex e-con-boxed wpr-particle-no wpr-jarallax-no wpr-parallax-no wpr-sticky-section-no e-con e-parent\" data-id=\"15765ad\" data-element_type=\"container\" data-e-type=\"container\">\n\t\t\t\t\t<div class=\"e-con-inner\">\n\t\t<div class=\"elementor-element elementor-element-b08fb7c e-con-full e-flex wpr-particle-no wpr-jarallax-no wpr-parallax-no wpr-sticky-section-no e-con e-child\" data-id=\"b08fb7c\" data-element_type=\"container\" data-e-type=\"container\">\n\t\t\t\t<div class=\"elementor-element elementor-element-7e68385 elementor-widget elementor-widget-heading\" data-id=\"7e68385\" data-element_type=\"widget\" data-e-type=\"widget\" data-widget_type=\"heading.default\">\n\t\t\t\t<div class=\"elementor-widget-container\">\n\t\t\t\t\t<h2 class=\"elementor-heading-title elementor-size-default\">Como submeter seu trabalho<\/h2>\t\t\t\t<\/div>\n\t\t\t\t<\/div>\n\t\t\t\t<div class=\"elementor-element elementor-element-09412ed elementor-widget elementor-widget-text-editor\" data-id=\"09412ed\" data-element_type=\"widget\" data-e-type=\"widget\" data-widget_type=\"text-editor.default\">\n\t\t\t\t<div class=\"elementor-widget-container\">\n\t\t\t\t\t\t\t\t\t<p>As submiss\u00f5es dever\u00e3o ser feitas em uma \u00fanica etapa e devem ser realizadas no formato exclusivamente digital, em arquivos no formato PDF, atrav\u00e9s do sistema JEMS, no seguinte link: <a href=\"https:\/\/jems.sbc.org.br\/\">https:\/\/jems.sbc.org.br\/<\/a>.<\/p>\n<p>Caso voc\u00ea n\u00e3o possua cadastro, deve realiz\u00e1-lo. Em seguida, ser\u00e3o listados todos os eventos relacionados a Computa\u00e7\u00e3o. Encontre o evento do CBIE para qual deseja submeter (SBIE,&nbsp; WIE, CTD-IE, &#8230;). Em seguida, submeta seu artigo, cadastrando informa\u00e7\u00f5es referente ao t\u00edtulo, resumo e autores. N\u00e3o esque\u00e7a de incluir o seu PDF&nbsp;<u>anonimizado<\/u>&nbsp;\ud83d\ude09<\/p>\n<p><b>Aten\u00e7\u00e3o:&nbsp;<\/b>esse \u00e9 um tutorial geral! \u00c9 importante observar as&nbsp;<b>informa\u00e7\u00f5es, datas e modelos<\/b>&nbsp;de cada evento sat\u00e9lite. Todas essas informa\u00e7\u00f5es est\u00e3o dispon\u00edveis aqui no site.&nbsp;<\/p>\t\t\t\t\t\t\t\t<\/div>\n\t\t\t\t<\/div>\n\t\t\t\t<\/div>\n\t\t<div class=\"elementor-element elementor-element-b7cd407 e-con-full e-flex wpr-particle-no wpr-jarallax-no wpr-parallax-no wpr-sticky-section-no e-con e-child\" data-id=\"b7cd407\" data-element_type=\"container\" data-e-type=\"container\">\n\t\t\t\t<div class=\"elementor-element elementor-element-b627427 elementor-widget elementor-widget-image\" data-id=\"b627427\" data-element_type=\"widget\" data-e-type=\"widget\" data-widget_type=\"image.default\">\n\t\t\t\t<div class=\"elementor-widget-container\">\n\t\t\t\t\t\t\t\t\t\t\t\t\t\t\t<img fetchpriority=\"high\" decoding=\"async\" width=\"841\" height=\"488\" src=\"https:\/\/cbie.sbc.org.br\/2024\/wp-content\/uploads\/2024\/06\/Group-393-1.png\" class=\"attachment-large size-large wp-image-4059\" alt=\"Imagem ilustrativa representando dois homens. Um com express\u00e3o de d\u00favida e outro homem segurando um papel escrito JEMS, que seria a plataforma para submeter os trabalhos do CBIE\" srcset=\"https:\/\/cbie.sbc.org.br\/2024\/wp-content\/uploads\/2024\/06\/Group-393-1.png 841w, https:\/\/cbie.sbc.org.br\/2024\/wp-content\/uploads\/2024\/06\/Group-393-1-300x174.png 300w, https:\/\/cbie.sbc.org.br\/2024\/wp-content\/uploads\/2024\/06\/Group-393-1-768x446.png 768w, https:\/\/cbie.sbc.org.br\/2024\/wp-content\/uploads\/2024\/06\/Group-393-1-600x348.png 600w\" sizes=\"(max-width: 841px) 100vw, 841px\" \/>\t\t\t\t\t\t\t\t\t\t\t\t\t\t\t<\/div>\n\t\t\t\t<\/div>\n\t\t\t\t<\/div>\n\t\t\t\t\t<\/div>\n\t\t\t\t<\/div>\n\t\t<div class=\"elementor-element elementor-element-6072fdc e-flex e-con-boxed wpr-particle-no wpr-jarallax-no wpr-parallax-no wpr-sticky-section-no e-con e-parent\" data-id=\"6072fdc\" data-element_type=\"container\" data-e-type=\"container\">\n\t\t\t\t\t<div class=\"e-con-inner\">\n\t\t\t\t<div class=\"elementor-element elementor-element-1580290 elementor-widget elementor-widget-heading\" data-id=\"1580290\" data-element_type=\"widget\" data-e-type=\"widget\" data-widget_type=\"heading.default\">\n\t\t\t\t<div class=\"elementor-widget-container\">\n\t\t\t\t\t<h3 class=\"elementor-heading-title elementor-size-default\">Modelo de submiss\u00e3o<\/h3>\t\t\t\t<\/div>\n\t\t\t\t<\/div>\n\t\t\t\t<div class=\"elementor-element elementor-element-c3a7137 elementor-widget elementor-widget-text-editor\" data-id=\"c3a7137\" data-element_type=\"widget\" data-e-type=\"widget\" data-widget_type=\"text-editor.default\">\n\t\t\t\t<div class=\"elementor-widget-container\">\n\t\t\t\t\t\t\t\t\t<p>As submiss\u00f5es devem, obrigatoriamente, seguir o <a href=\"http:\/\/www.sbc.org.br\/documentos-da-sbc\/summary\/169-templates-para-artigos-e-capitulos-de-livros\/878-modelosparapublicaodeartigos\">modelo para publica\u00e7\u00e3o de artigos da SBC<\/a>.\u00a0<\/p><p>No artigo n\u00e3o deve constar nenhum tipo de identifica\u00e7\u00e3o das pessoas autoras e institui\u00e7\u00f5es. Ao longo do texto, deve-se tamb\u00e9m ter o cuidado de omitir qualquer tipo de informa\u00e7\u00e3o que permita a identifica\u00e7\u00e3o de autoria. A seguir, algumas sugest\u00f5es para o\u00a0<b>processo de anonimiza\u00e7\u00e3o<\/b>:<\/p><ul><li>As cita\u00e7\u00f5es a trabalhos relacionados devem aparecer em terceira pessoa. Por exemplo, deve-se escrever \u201co trabalho anterior de Silva et al.\u201d em oposi\u00e7\u00e3o ao \u201cem nosso trabalho anterior\u201d. Deve-se tamb\u00e9m evitar a ocorr\u00eancia de termos que possam identificar autoria, por exemplo, \u201cn\u00f3s\u201d, \u201cnosso\u201d, \u201cfinanciamento\u201d, \u201cUniversidade\u201d, \u201cgithub\u201d etc.;<\/li><li>O artigo submetido n\u00e3o deve mencionar artefatos em reposit\u00f3rios ou websites que permitam a identifica\u00e7\u00e3o das pessoas autoras. A disponibiliza\u00e7\u00e3o de artefatos da pesquisa deve ser feita de forma an\u00f4nima. Para anonimizar reposit\u00f3rios hospedados na plataforma GitHub, sugere-se o uso do servi\u00e7o anonymous (https:\/\/anonymous.4open.science\/);<\/li><li>Se o artigo submetido apresentar uma evolu\u00e7\u00e3o de um trabalho anterior, pode-se anonimizar a refer\u00eancia a esse trabalho. Por exemplo, \u201cbaseado no trabalho de Silva et al.\u201d pode ser substitu\u00eddo para \u201cbaseado em nosso trabalho anterior [Ref]\u201d e a refer\u00eancia pode ser apresentada como \u201c[Ref] refer\u00eancia omitida devido \u00e0 revis\u00e3o an\u00f4nima\u201d na se\u00e7\u00e3o de refer\u00eancias bibliogr\u00e1ficas.<\/li><\/ul>\t\t\t\t\t\t\t\t<\/div>\n\t\t\t\t<\/div>\n\t\t\t\t\t<\/div>\n\t\t\t\t<\/div>\n\t\t<div class=\"elementor-element elementor-element-65ddc6f e-flex e-con-boxed wpr-particle-no wpr-jarallax-no wpr-parallax-no wpr-sticky-section-no e-con e-parent\" data-id=\"65ddc6f\" data-element_type=\"container\" data-e-type=\"container\">\n\t\t\t\t\t<div class=\"e-con-inner\">\n\t\t\t\t<div class=\"elementor-element elementor-element-6a95e47 elementor-widget elementor-widget-heading\" data-id=\"6a95e47\" data-element_type=\"widget\" data-e-type=\"widget\" data-widget_type=\"heading.default\">\n\t\t\t\t<div class=\"elementor-widget-container\">\n\t\t\t\t\t<h3 class=\"elementor-heading-title elementor-size-default\">C\u00f3digo de Conduta da SBC e uso de IA Generativa<\/h3>\t\t\t\t<\/div>\n\t\t\t\t<\/div>\n\t\t\t\t<div class=\"elementor-element elementor-element-93e64a9 elementor-widget elementor-widget-text-editor\" data-id=\"93e64a9\" data-element_type=\"widget\" data-e-type=\"widget\" data-widget_type=\"text-editor.default\">\n\t\t\t\t<div class=\"elementor-widget-container\">\n\t\t\t\t\t\t\t\t\t<p>A SBC atualizou o seu C\u00f3digo de Conduta para pessoas autoras de publica\u00e7\u00f5es da SBC. Na parte II, Art. 2\u00ba, temos que:<\/p><p>III \u2013 Uso de Intelig\u00eancia Artificial (IA) Generativa: a utiliza\u00e7\u00e3o de ferramentas e tecnologias de IA Generativa para gera\u00e7\u00e3o de conte\u00fados, na escrita e\/ou revis\u00e3o do conte\u00fado de artigos, deve ser declarada explicitamente no trabalho. A declara\u00e7\u00e3o pode ocorrer na Se\u00e7\u00e3o de Agradecimentos, na metodologia ou em uma se\u00e7\u00e3o definida especificamente para este fim, de acordo com o template adotado, e deve listar as ferramentas e descrever onde foram empregadas, por exemplo, textos, tabelas, gr\u00e1ficos, cita\u00e7\u00f5es, etc. Essas ferramentas n\u00e3o podem ser listadas como autores de um artigo. O uso de tais ferramentas n\u00e3o exime os autores da responsabilidade sobre todo o seu conte\u00fado, inclusive no caso de ser identificado pl\u00e1gio.<\/p><p>O manual completo encontra-se dispon\u00edvel em:\u00a0<a href=\"https:\/\/sol.sbc.org.br\/index.php\/indice\/conduta\">https:\/\/sol.sbc.org.br\/index.php\/indice\/conduta<\/a><\/p>\t\t\t\t\t\t\t\t<\/div>\n\t\t\t\t<\/div>\n\t\t\t\t\t<\/div>\n\t\t\t\t<\/div>\n\t\t<div class=\"elementor-element elementor-element-3002ae2 e-flex e-con-boxed wpr-particle-no wpr-jarallax-no wpr-parallax-no wpr-sticky-section-no e-con e-parent\" data-id=\"3002ae2\" data-element_type=\"container\" data-e-type=\"container\">\n\t\t\t\t\t<div class=\"e-con-inner\">\n\t\t\t\t<div class=\"elementor-element elementor-element-258077a elementor-widget elementor-widget-heading\" data-id=\"258077a\" data-element_type=\"widget\" data-e-type=\"widget\" data-widget_type=\"heading.default\">\n\t\t\t\t<div class=\"elementor-widget-container\">\n\t\t\t\t\t<h3 class=\"elementor-heading-title elementor-size-default\">Termo de Autoriza\u00e7\u00e3o da Obra\n<\/h3>\t\t\t\t<\/div>\n\t\t\t\t<\/div>\n\t\t\t\t<div class=\"elementor-element elementor-element-d752628 elementor-widget elementor-widget-text-editor\" data-id=\"d752628\" data-element_type=\"widget\" data-e-type=\"widget\" data-widget_type=\"text-editor.default\">\n\t\t\t\t<div class=\"elementor-widget-container\">\n\t\t\t\t\t\t\t\t\t<p>As pessoas autoras da obra autoriza(m) a SBC a public\u00e1-la conforme os termos da licen\u00e7a\u00a0<i>Creative Commons Attribution 4.0 International Public License<\/i>\u00a0(CC BY 4.0). Dessa forma, fica permitido \u00e0s pessoas autoras, ou a terceiros, a reprodu\u00e7\u00e3o, ou distribui\u00e7\u00e3o, em parte ou no todo, do material extra\u00eddo dessa obra, de forma verbatim, adaptada ou remixada, bem como a cria\u00e7\u00e3o ou produ\u00e7\u00e3o a partir do conte\u00fado dessa obra, se forem atribu\u00eddos os devidos cr\u00e9ditos \u00e0 cria\u00e7\u00e3o original. C\u00f3pias da obra n\u00e3o devem ser utilizadas de nenhum modo que implique o endosso da SBC.<\/p><p>Efetuar o download do\u00a0<a href=\"https:\/\/www.sbc.org.br\/documentos-da-sbc\/summary\/249-documentos-para-publicacoes\/1231-termo-de-autorizacao-de-publicacao\">TERMO DE AUTORIZA\u00c7\u00c3O DE\u00a0PUBLICA\u00c7\u00c3O<\/a><\/p>\t\t\t\t\t\t\t\t<\/div>\n\t\t\t\t<\/div>\n\t\t\t\t\t<\/div>\n\t\t\t\t<\/div>\n\t\t\t\t<\/div>\n\t\t","protected":false},"excerpt":{"rendered":"<p>Como submeter seu trabalho As submiss\u00f5es dever\u00e3o ser feitas em uma \u00fanica etapa e devem ser realizadas no formato exclusivamente digital, em arquivos no formato PDF, atrav\u00e9s do sistema JEMS, no seguinte link: https:\/\/jems.sbc.org.br\/. Caso voc\u00ea n\u00e3o possua cadastro, deve realiz\u00e1-lo. Em seguida, ser\u00e3o listados todos os eventos relacionados a Computa\u00e7\u00e3o. Encontre o evento do CBIE para qual deseja submeter (SBIE,&nbsp; WIE, CTD-IE, &#8230;). Em seguida, submeta seu artigo, cadastrando informa\u00e7\u00f5es referente ao t\u00edtulo, resumo e autores. N\u00e3o esque\u00e7a de incluir o seu PDF&nbsp;anonimizado&nbsp;\ud83d\ude09 Aten\u00e7\u00e3o:&nbsp;esse \u00e9 um tutorial geral! \u00c9 importante observar as&nbsp;informa\u00e7\u00f5es, datas e modelos&nbsp;de cada evento sat\u00e9lite. Todas essas informa\u00e7\u00f5es est\u00e3o dispon\u00edveis aqui no site.&nbsp; Modelo de submiss\u00e3o As submiss\u00f5es devem, obrigatoriamente, seguir o modelo para publica\u00e7\u00e3o de artigos da SBC.\u00a0 No artigo n\u00e3o deve constar nenhum tipo de identifica\u00e7\u00e3o das pessoas autoras e institui\u00e7\u00f5es. Ao longo do texto, deve-se tamb\u00e9m ter o cuidado de omitir qualquer tipo de informa\u00e7\u00e3o que permita a identifica\u00e7\u00e3o de autoria. A seguir, algumas sugest\u00f5es para o\u00a0processo de anonimiza\u00e7\u00e3o: As cita\u00e7\u00f5es a trabalhos relacionados devem aparecer em terceira pessoa. Por exemplo, deve-se escrever \u201co trabalho anterior de Silva et al.\u201d em oposi\u00e7\u00e3o ao \u201cem nosso trabalho anterior\u201d. Deve-se tamb\u00e9m evitar a ocorr\u00eancia de termos que possam identificar autoria, por exemplo, \u201cn\u00f3s\u201d, \u201cnosso\u201d, \u201cfinanciamento\u201d, \u201cUniversidade\u201d, \u201cgithub\u201d etc.; O artigo submetido n\u00e3o deve mencionar artefatos em reposit\u00f3rios ou websites que permitam a identifica\u00e7\u00e3o das pessoas autoras. A disponibiliza\u00e7\u00e3o de artefatos da pesquisa deve ser feita de forma an\u00f4nima. Para anonimizar reposit\u00f3rios hospedados na plataforma GitHub, sugere-se o uso do servi\u00e7o anonymous (https:\/\/anonymous.4open.science\/); Se o artigo submetido apresentar uma evolu\u00e7\u00e3o de um trabalho anterior, pode-se anonimizar a refer\u00eancia a esse trabalho. Por exemplo, \u201cbaseado no trabalho de Silva et al.\u201d pode ser substitu\u00eddo para \u201cbaseado em nosso trabalho anterior [Ref]\u201d e a refer\u00eancia pode ser apresentada como \u201c[Ref] refer\u00eancia omitida devido \u00e0 revis\u00e3o an\u00f4nima\u201d na se\u00e7\u00e3o de refer\u00eancias bibliogr\u00e1ficas. C\u00f3digo de Conduta da SBC e uso de IA Generativa A SBC atualizou o seu C\u00f3digo de Conduta para pessoas autoras de publica\u00e7\u00f5es da SBC. Na parte II, Art. 2\u00ba, temos que: III \u2013 Uso de Intelig\u00eancia Artificial (IA) Generativa: a utiliza\u00e7\u00e3o de ferramentas e tecnologias de IA Generativa para gera\u00e7\u00e3o de conte\u00fados, na escrita e\/ou revis\u00e3o do conte\u00fado de artigos, deve ser declarada explicitamente no trabalho. A declara\u00e7\u00e3o pode ocorrer na Se\u00e7\u00e3o de Agradecimentos, na metodologia ou em uma se\u00e7\u00e3o definida especificamente para este fim, de acordo com o template adotado, e deve listar as ferramentas e descrever onde foram empregadas, por exemplo, textos, tabelas, gr\u00e1ficos, cita\u00e7\u00f5es, etc. Essas ferramentas n\u00e3o podem ser listadas como autores de um artigo. O uso de tais ferramentas n\u00e3o exime os autores da responsabilidade sobre todo o seu conte\u00fado, inclusive no caso de ser identificado pl\u00e1gio. O manual completo encontra-se dispon\u00edvel em:\u00a0https:\/\/sol.sbc.org.br\/index.php\/indice\/conduta Termo de Autoriza\u00e7\u00e3o da Obra As pessoas autoras da obra autoriza(m) a SBC a public\u00e1-la conforme os termos da licen\u00e7a\u00a0Creative Commons Attribution 4.0 International Public License\u00a0(CC BY 4.0). Dessa forma, fica permitido \u00e0s pessoas autoras, ou a terceiros, a reprodu\u00e7\u00e3o, ou distribui\u00e7\u00e3o, em parte ou no todo, do material extra\u00eddo dessa obra, de forma verbatim, adaptada ou remixada, bem como a cria\u00e7\u00e3o ou produ\u00e7\u00e3o a partir do conte\u00fado dessa obra, se forem atribu\u00eddos os devidos cr\u00e9ditos \u00e0 cria\u00e7\u00e3o original. C\u00f3pias da obra n\u00e3o devem ser utilizadas de nenhum modo que implique o endosso da SBC. Efetuar o download do\u00a0TERMO DE AUTORIZA\u00c7\u00c3O DE\u00a0PUBLICA\u00c7\u00c3O<\/p>\n","protected":false},"author":10,"featured_media":0,"parent":0,"menu_order":0,"comment_status":"closed","ping_status":"closed","template":"elementor_header_footer","meta":{"footnotes":""},"class_list":["post-4149","page","type-page","status-publish","hentry"],"_links":{"self":[{"href":"https:\/\/cbie.sbc.org.br\/2024\/wp-json\/wp\/v2\/pages\/4149","targetHints":{"allow":["GET"]}}],"collection":[{"href":"https:\/\/cbie.sbc.org.br\/2024\/wp-json\/wp\/v2\/pages"}],"about":[{"href":"https:\/\/cbie.sbc.org.br\/2024\/wp-json\/wp\/v2\/types\/page"}],"author":[{"embeddable":true,"href":"https:\/\/cbie.sbc.org.br\/2024\/wp-json\/wp\/v2\/users\/10"}],"replies":[{"embeddable":true,"href":"https:\/\/cbie.sbc.org.br\/2024\/wp-json\/wp\/v2\/comments?post=4149"}],"version-history":[{"count":12,"href":"https:\/\/cbie.sbc.org.br\/2024\/wp-json\/wp\/v2\/pages\/4149\/revisions"}],"predecessor-version":[{"id":4167,"href":"https:\/\/cbie.sbc.org.br\/2024\/wp-json\/wp\/v2\/pages\/4149\/revisions\/4167"}],"wp:attachment":[{"href":"https:\/\/cbie.sbc.org.br\/2024\/wp-json\/wp\/v2\/media?parent=4149"}],"curies":[{"name":"wp","href":"https:\/\/api.w.org\/{rel}","templated":true}]}}