{"id":1897,"date":"2023-04-19T14:06:16","date_gmt":"2023-04-19T17:06:16","guid":{"rendered":"https:\/\/cbie.sbc.org.br\/2024\/?page_id=1897"},"modified":"2024-03-20T22:47:50","modified_gmt":"2024-03-21T01:47:50","slug":"divulgacao","status":"publish","type":"page","link":"https:\/\/cbie.sbc.org.br\/2024\/divulgacao\/","title":{"rendered":"Divulga\u00e7\u00e3o"},"content":{"rendered":"\t\t<div data-elementor-type=\"wp-page\" data-elementor-id=\"1897\" class=\"elementor elementor-1897\">\n\t\t\t\t<div class=\"elementor-element elementor-element-21204d0 e-flex e-con-boxed wpr-particle-no wpr-jarallax-no wpr-parallax-no wpr-sticky-section-no wpr-equal-height-no e-con e-parent\" data-id=\"21204d0\" data-element_type=\"container\" data-e-type=\"container\">\n\t\t\t\t\t<div class=\"e-con-inner\">\n\t\t\t\t<div class=\"elementor-element elementor-element-37da29a elementor-widget elementor-widget-heading\" data-id=\"37da29a\" data-element_type=\"widget\" data-e-type=\"widget\" data-widget_type=\"heading.default\">\n\t\t\t\t<div class=\"elementor-widget-container\">\n\t\t\t\t\t<h2 class=\"elementor-heading-title elementor-size-default\">Ajude na divulga\u00e7\u00e3o do evento<\/h2>\t\t\t\t<\/div>\n\t\t\t\t<\/div>\n\t\t\t\t<div class=\"elementor-element elementor-element-b27e75e elementor-widget elementor-widget-image\" data-id=\"b27e75e\" data-element_type=\"widget\" data-e-type=\"widget\" data-widget_type=\"image.default\">\n\t\t\t\t<div class=\"elementor-widget-container\">\n\t\t\t\t\t\t\t\t\t\t\t\t<figure class=\"wp-caption\">\n\t\t\t\t\t\t\t\t\t\t\t<a href=\"https:\/\/drive.google.com\/file\/d\/1qGE6zm2_gC4dT5vxAfB3oWmAIghqqBRs\/view?usp=sharing\">\n\t\t\t\t\t\t\t<img fetchpriority=\"high\" decoding=\"async\" width=\"768\" height=\"768\" src=\"https:\/\/cbie.sbc.org.br\/2024\/wp-content\/uploads\/2024\/03\/Divulgac\u0327a\u0303o-do-Congresso-CBIE-Versa\u0303o-Azul-Quadrado--768x768.png\" class=\"attachment-medium_large size-medium_large wp-image-3160\" alt=\"Arte de divulga\u00e7\u00e3o do Congresso CBIE\" srcset=\"https:\/\/cbie.sbc.org.br\/2024\/wp-content\/uploads\/2024\/03\/Divulgac\u0327a\u0303o-do-Congresso-CBIE-Versa\u0303o-Azul-Quadrado--768x768.png 768w, https:\/\/cbie.sbc.org.br\/2024\/wp-content\/uploads\/2024\/03\/Divulgac\u0327a\u0303o-do-Congresso-CBIE-Versa\u0303o-Azul-Quadrado--300x300.png 300w, https:\/\/cbie.sbc.org.br\/2024\/wp-content\/uploads\/2024\/03\/Divulgac\u0327a\u0303o-do-Congresso-CBIE-Versa\u0303o-Azul-Quadrado--1024x1024.png 1024w, https:\/\/cbie.sbc.org.br\/2024\/wp-content\/uploads\/2024\/03\/Divulgac\u0327a\u0303o-do-Congresso-CBIE-Versa\u0303o-Azul-Quadrado--150x150.png 150w, https:\/\/cbie.sbc.org.br\/2024\/wp-content\/uploads\/2024\/03\/Divulgac\u0327a\u0303o-do-Congresso-CBIE-Versa\u0303o-Azul-Quadrado--1536x1536.png 1536w, https:\/\/cbie.sbc.org.br\/2024\/wp-content\/uploads\/2024\/03\/Divulgac\u0327a\u0303o-do-Congresso-CBIE-Versa\u0303o-Azul-Quadrado--2048x2048.png 2048w, https:\/\/cbie.sbc.org.br\/2024\/wp-content\/uploads\/2024\/03\/Divulgac\u0327a\u0303o-do-Congresso-CBIE-Versa\u0303o-Azul-Quadrado--230x230.png 230w, https:\/\/cbie.sbc.org.br\/2024\/wp-content\/uploads\/2024\/03\/Divulgac\u0327a\u0303o-do-Congresso-CBIE-Versa\u0303o-Azul-Quadrado--400x400.png 400w, https:\/\/cbie.sbc.org.br\/2024\/wp-content\/uploads\/2024\/03\/Divulgac\u0327a\u0303o-do-Congresso-CBIE-Versa\u0303o-Azul-Quadrado--600x600.png 600w, https:\/\/cbie.sbc.org.br\/2024\/wp-content\/uploads\/2024\/03\/Divulgac\u0327a\u0303o-do-Congresso-CBIE-Versa\u0303o-Azul-Quadrado--640x640.png 640w\" sizes=\"(max-width: 768px) 100vw, 768px\" \/>\t\t\t\t\t\t\t\t<\/a>\n\t\t\t\t\t\t\t\t\t\t\t<figcaption class=\"widget-image-caption wp-caption-text\">Clique para baixar o arquivo para impress\u00e3o!<\/figcaption>\n\t\t\t\t\t\t\t\t\t\t<\/figure>\n\t\t\t\t\t\t\t\t\t<\/div>\n\t\t\t\t<\/div>\n\t\t\t\t<div class=\"elementor-element elementor-element-74e26dc elementor-widget elementor-widget-image\" data-id=\"74e26dc\" data-element_type=\"widget\" data-e-type=\"widget\" data-widget_type=\"image.default\">\n\t\t\t\t<div class=\"elementor-widget-container\">\n\t\t\t\t\t\t\t\t\t\t\t\t\t\t\t<img decoding=\"async\" width=\"300\" height=\"163\" src=\"https:\/\/cbie.sbc.org.br\/2024\/wp-content\/uploads\/2024\/03\/logoCBIE-300x163.png\" class=\"attachment-medium size-medium wp-image-3165\" alt=\"Logo CBIE\" srcset=\"https:\/\/cbie.sbc.org.br\/2024\/wp-content\/uploads\/2024\/03\/logoCBIE-300x163.png 300w, https:\/\/cbie.sbc.org.br\/2024\/wp-content\/uploads\/2024\/03\/logoCBIE-1024x556.png 1024w, https:\/\/cbie.sbc.org.br\/2024\/wp-content\/uploads\/2024\/03\/logoCBIE-768x417.png 768w, https:\/\/cbie.sbc.org.br\/2024\/wp-content\/uploads\/2024\/03\/logoCBIE-1536x835.png 1536w, https:\/\/cbie.sbc.org.br\/2024\/wp-content\/uploads\/2024\/03\/logoCBIE-2048x1113.png 2048w, https:\/\/cbie.sbc.org.br\/2024\/wp-content\/uploads\/2024\/03\/logoCBIE-600x326.png 600w\" sizes=\"(max-width: 300px) 100vw, 300px\" \/>\t\t\t\t\t\t\t\t\t\t\t\t\t\t\t<\/div>\n\t\t\t\t<\/div>\n\t\t\t\t\t<\/div>\n\t\t\t\t<\/div>\n\t\t\t\t<\/div>\n\t\t","protected":false},"excerpt":{"rendered":"<p>Ajude na divulga\u00e7\u00e3o do evento Clique para baixar o arquivo para impress\u00e3o!<\/p>\n","protected":false},"author":7,"featured_media":0,"parent":0,"menu_order":0,"comment_status":"closed","ping_status":"closed","template":"elementor_header_footer","meta":{"footnotes":""},"class_list":["post-1897","page","type-page","status-publish","hentry"],"_links":{"self":[{"href":"https:\/\/cbie.sbc.org.br\/2024\/wp-json\/wp\/v2\/pages\/1897","targetHints":{"allow":["GET"]}}],"collection":[{"href":"https:\/\/cbie.sbc.org.br\/2024\/wp-json\/wp\/v2\/pages"}],"about":[{"href":"https:\/\/cbie.sbc.org.br\/2024\/wp-json\/wp\/v2\/types\/page"}],"author":[{"embeddable":true,"href":"https:\/\/cbie.sbc.org.br\/2024\/wp-json\/wp\/v2\/users\/7"}],"replies":[{"embeddable":true,"href":"https:\/\/cbie.sbc.org.br\/2024\/wp-json\/wp\/v2\/comments?post=1897"}],"version-history":[{"count":22,"href":"https:\/\/cbie.sbc.org.br\/2024\/wp-json\/wp\/v2\/pages\/1897\/revisions"}],"predecessor-version":[{"id":3330,"href":"https:\/\/cbie.sbc.org.br\/2024\/wp-json\/wp\/v2\/pages\/1897\/revisions\/3330"}],"wp:attachment":[{"href":"https:\/\/cbie.sbc.org.br\/2024\/wp-json\/wp\/v2\/media?parent=1897"}],"curies":[{"name":"wp","href":"https:\/\/api.w.org\/{rel}","templated":true}]}}