{"id":226,"date":"2023-04-04T00:33:44","date_gmt":"2023-04-04T03:33:44","guid":{"rendered":"https:\/\/cbie.sbc.org.br\/2023\/?page_id=226"},"modified":"2023-04-16T17:48:12","modified_gmt":"2023-04-16T20:48:12","slug":"pre-evento","status":"publish","type":"page","link":"https:\/\/cbie.sbc.org.br\/2023\/pre-evento\/","title":{"rendered":"Pr\u00e9-evento"},"content":{"rendered":"\t\t<div data-elementor-type=\"wp-page\" data-elementor-id=\"226\" class=\"elementor elementor-226\">\n\t\t\t\t<div class=\"elementor-element elementor-element-da730de e-flex e-con-boxed wpr-particle-no wpr-jarallax-no wpr-parallax-no wpr-sticky-section-no wpr-equal-height-no e-con e-parent\" data-id=\"da730de\" data-element_type=\"container\" data-e-type=\"container\">\n\t\t\t\t\t<div class=\"e-con-inner\">\n\t\t\t\t<div class=\"elementor-element elementor-element-ff914a5 elementor-widget elementor-widget-heading\" data-id=\"ff914a5\" data-element_type=\"widget\" data-e-type=\"widget\" data-widget_type=\"heading.default\">\n\t\t\t\t<div class=\"elementor-widget-container\">\n\t\t\t\t\t<h2 class=\"elementor-heading-title elementor-size-default\"><br>Pr\u00e9-evento<\/h2>\t\t\t\t<\/div>\n\t\t\t\t<\/div>\n\t\t\t\t<div class=\"elementor-element elementor-element-9c40352 elementor-widget elementor-widget-image\" data-id=\"9c40352\" data-element_type=\"widget\" data-e-type=\"widget\" data-widget_type=\"image.default\">\n\t\t\t\t<div class=\"elementor-widget-container\">\n\t\t\t\t\t\t\t\t\t\t\t\t\t\t\t<img decoding=\"async\" width=\"150\" height=\"150\" src=\"https:\/\/cbie.sbc.org.br\/2023\/wp-content\/uploads\/2023\/04\/em-breve-150x150.png\" class=\"attachment-thumbnail size-thumbnail wp-image-1339\" alt=\"Um bal\u00e3o de fala azul, nele est\u00e1 escrito &quot;SOON&quot;, seguido de retic\u00eancias.\" srcset=\"https:\/\/cbie.sbc.org.br\/2023\/wp-content\/uploads\/2023\/04\/em-breve-150x150.png 150w, https:\/\/cbie.sbc.org.br\/2023\/wp-content\/uploads\/2023\/04\/em-breve-300x300.png 300w, https:\/\/cbie.sbc.org.br\/2023\/wp-content\/uploads\/2023\/04\/em-breve-230x230.png 230w, https:\/\/cbie.sbc.org.br\/2023\/wp-content\/uploads\/2023\/04\/em-breve-400x400.png 400w, https:\/\/cbie.sbc.org.br\/2023\/wp-content\/uploads\/2023\/04\/em-breve.png 512w\" sizes=\"(max-width: 150px) 100vw, 150px\" \/>\t\t\t\t\t\t\t\t\t\t\t\t\t\t\t<\/div>\n\t\t\t\t<\/div>\n\t\t\t\t\t<\/div>\n\t\t\t\t<\/div>\n\t\t\t\t<\/div>\n\t\t","protected":false},"excerpt":{"rendered":"<p>Pr\u00e9-evento<\/p>\n","protected":false},"author":3,"featured_media":0,"parent":0,"menu_order":0,"comment_status":"closed","ping_status":"closed","template":"elementor_header_footer","meta":{"footnotes":""},"class_list":["post-226","page","type-page","status-publish","hentry"],"_links":{"self":[{"href":"https:\/\/cbie.sbc.org.br\/2023\/wp-json\/wp\/v2\/pages\/226","targetHints":{"allow":["GET"]}}],"collection":[{"href":"https:\/\/cbie.sbc.org.br\/2023\/wp-json\/wp\/v2\/pages"}],"about":[{"href":"https:\/\/cbie.sbc.org.br\/2023\/wp-json\/wp\/v2\/types\/page"}],"author":[{"embeddable":true,"href":"https:\/\/cbie.sbc.org.br\/2023\/wp-json\/wp\/v2\/users\/3"}],"replies":[{"embeddable":true,"href":"https:\/\/cbie.sbc.org.br\/2023\/wp-json\/wp\/v2\/comments?post=226"}],"version-history":[{"count":13,"href":"https:\/\/cbie.sbc.org.br\/2023\/wp-json\/wp\/v2\/pages\/226\/revisions"}],"predecessor-version":[{"id":1354,"href":"https:\/\/cbie.sbc.org.br\/2023\/wp-json\/wp\/v2\/pages\/226\/revisions\/1354"}],"wp:attachment":[{"href":"https:\/\/cbie.sbc.org.br\/2023\/wp-json\/wp\/v2\/media?parent=226"}],"curies":[{"name":"wp","href":"https:\/\/api.w.org\/{rel}","templated":true}]}}